Dati Stazione Meteo - Stile NOAA

Seleziona il Report di un Mese o un Anno
2019: Gen Feb Mar Apr Mag Giu Lug Ago Set Ott Nov Dic
2018: Gen Feb Mar Apr Mag Giu Lug Ago Set Ott Nov Dic
2017: Gen Feb Mar Apr Mag Giu Lug Ago Set Ott Nov Dic
2016: Gen Feb Mar Apr Mag Giu Lug Ago Set Ott Nov Dic
2015: Gen Feb Mar Apr Mag Giu Lug Ago Set Ott Nov Dic
2014: Gen Feb Mar Apr Mag Giu Lug Ago Set Ott Nov Dic
2013: Gen Feb Mar Apr Mag Giu Lug Ago Set Ott Nov Dic

Report for 2018 Marzo
                   MONTHLY CLIMATOLOGICAL SUMMARY for MAR. 2018

NAME: Davis Vantage Vue   CITY: Acquaviva delle Fonti   STATE: Italia 
ELEV:   305 m  LAT:  40° 53' 26" N  LONG:  16° 50' 43" E

                   TEMPERATURE (°C), RAIN  (mm), WIND SPEED (km/hr)

                                      HEAT  COOL        AVG
    MEAN                              DEG   DEG         WIND                 DOM
DAY TEMP  HIGH   TIME   LOW    TIME   DAYS  DAYS  RAIN  SPEED HIGH   TIME    DIR
------------------------------------------------------------------------------------
 1   5.8  12.4   23:46  -0.2    3:29  12.5   0.0   1.2   7.6  45.1   15:51    SE
 2  13.8  18.9   13:22  11.0   23:50   4.5   0.0   2.0   8.2  33.8   21:23    SE
 3  10.6  12.7   13:58   7.6    5:18   7.7   0.0   3.4   8.4  38.6    0:29    SW
 4  11.6  16.1   14:13   8.5    7:07   7.0   0.0   0.0   4.0  30.6    0:29   NNE
 5  11.3  15.1   10:14   9.0    3:59   7.0   0.0   2.6   5.6  27.4   10:14    SE
 6  11.9  15.8   12:35   8.4    3:36   6.4   0.0   0.0   7.6  46.7   13:46     S
 7  11.5  17.8   12:37   6.8    6:14   6.8   0.0   0.4   4.8  24.1   10:37   SSW
 8  11.0  16.6   13:33   6.3    4:52   7.3   0.0   0.6   5.0  33.8    0:37   WSW
 9  10.9  17.8   12:37   6.1    6:35   7.4   0.0   0.0   2.1  20.9   14:06   NNE
10  11.4  17.7   14:02   5.1    4:50   6.8   0.0   0.0   5.1  30.6   17:06     S
11  12.8  15.6   13:05  10.8    0:12   5.5   0.0   0.0  10.8  43.5   13:53     S
12  13.9  20.1   12:36  10.1   19:21   4.5   0.1   1.6   9.2  41.8   10:45    SW
13  13.1  17.9   13:26   9.4   00:00   5.4   0.0   0.0  10.6  38.6    9:03    SW
14  10.6  15.6   10:45   7.2   20:33   8.8   0.0   0.0   4.0  24.1   12:45    SW
15  12.2  16.8   13:38   6.4    6:20  10.8   0.0   0.0   7.2  32.2   17:48    SE
16  13.6  16.6   15:43  11.9    4:08   6.3   0.0   0.0   8.0  29.0    0:23    SE
17  15.6  22.2   15:19  11.5   00:00   4.6   0.7   0.0  12.6  53.1    7:19    SE
18  11.9  16.5   11:11   6.3    6:00   7.8   0.0   0.0   5.8  40.2   14:43    SE
19  10.9  16.4   12:33   7.3   22:40   7.4   0.0   0.2   4.3  30.6   16:48    SW
20  10.3  15.4   11:24   5.9    6:10   8.1   0.0   2.0   7.1  29.0   15:01    SE
21   8.1  14.3   12:23   5.6   22:00  13.5   0.0   3.8   5.1  32.2    8:18   NNE
22   4.4   7.7    8:20   0.7   17:06  15.2   0.0  38.4   9.2  46.7   11:51   NNE
23   3.2   5.4   13:39   0.9    0:01  15.1   0.0   8.0   8.2  33.8    9:11   WSW
24   5.7   8.4   11:23   3.8    0:04  12.7   0.0   0.0   1.8  16.1    0:06   NNE
25   6.7   9.4   15:06   2.5    3:12  11.1   0.0   7.8   2.6  33.8   20:43   NNE
26   8.3  10.9   16:13   6.5    1:23  10.0   0.0   1.4   5.5  30.6    8:32   NNE
27   8.7  15.1   14:30   4.3   23:12   9.5   0.0   0.0   2.9  25.7   15:54   NNE
28  10.1  16.4   13:08   3.6    3:24   8.2   0.0   0.0   2.3  20.9   14:23   NNE
29  12.4  19.8   14:12   6.4    6:59   7.0   0.1   0.0   5.0  32.2   18:17    SW
30  13.0  16.2   10:59   9.9    6:16   6.3   0.0   0.2  12.1  43.5   13:59    SE
31  14.8  18.8   15:45  10.4   23:45   3.5   0.0   0.0  14.0  51.5   12:26    SE
-------------------------------------------------------------------------------------
    10.6  22.2    17    -0.2     1   254.7   1.0  73.6   6.7  53.1    17      SE

Max >=  32.0:  0
Max <=   0.0:  0
Min <=   0.0:  1
Min <= -18.0:  0
Max Rain: 38.40 ON 22/03/18
Days of Rain: 15 (> .2 mm) 8 (> 2 mm) 1 (> 20 mm)
Heat Base:  18.3  Cool Base:  18.3  Method: Integration