Dati Stazione Meteo - Stile NOAA

Seleziona il Report di un Mese o un Anno
2019: Gen Feb Mar Apr Mag Giu Lug Ago Set Ott Nov Dic
2018: Gen Feb Mar Apr Mag Giu Lug Ago Set Ott Nov Dic
2017: Gen Feb Mar Apr Mag Giu Lug Ago Set Ott Nov Dic
2016: Gen Feb Mar Apr Mag Giu Lug Ago Set Ott Nov Dic
2015: Gen Feb Mar Apr Mag Giu Lug Ago Set Ott Nov Dic
2014: Gen Feb Mar Apr Mag Giu Lug Ago Set Ott Nov Dic
2013: Gen Feb Mar Apr Mag Giu Lug Ago Set Ott Nov Dic

Report for 2018 Aprile
                   MONTHLY CLIMATOLOGICAL SUMMARY for APR. 2018

NAME: Davis Vantage Vue   CITY: Acquaviva delle Fonti   STATE: Italia 
ELEV:   305 m  LAT:  40° 53' 26" N  LONG:  16° 50' 43" E

                   TEMPERATURE (°C), RAIN  (mm), WIND SPEED (km/hr)

                                      HEAT  COOL        AVG
    MEAN                              DEG   DEG         WIND                 DOM
DAY TEMP  HIGH   TIME   LOW    TIME   DAYS  DAYS  RAIN  SPEED HIGH   TIME    DIR
------------------------------------------------------------------------------------
 1  11.2  16.7   15:00   8.1   22:31   7.0   0.0   1.2  10.5  54.7    5:02    SW
 2  12.3  19.4   12:36   6.6    2:40   7.1   0.1   0.0   4.3  22.5   15:39   WSW
 3  12.4  18.0   14:49   8.4    4:57   7.0   0.0   0.0   9.2  37.0   14:22     S
 4  13.1  17.3   13:58  10.6    4:03   5.8   0.0   0.0   9.3  32.2   12:52    SE
 5  13.6  18.5   15:21  10.3   23:57   5.5   0.0   9.4   5.8  30.6    8:42   NNE
 6  12.3  16.9   15:25   8.9    5:43   6.7   0.0   0.0   7.7  38.6   13:02   NNE
 7  13.3  18.2   16:19   7.8   23:28   6.1   0.0   0.0   4.7  29.0   11:45   NNE
 8  15.2  22.7   13:45   7.1    4:45   5.2   1.4   0.0   5.0  22.5   13:47    SE
 9  14.3  18.2   16:11  11.1   00:00   4.9   0.0   0.0   8.7  41.8    5:41    SE
10  14.3  19.8   12:03  10.1   23:33   4.1   0.1   0.0   3.7  20.9   13:09    SW
11  14.7  20.3   12:56  10.6    1:08   3.8   0.3   0.0   5.8  27.4   15:31    SE
12  15.7  21.2   13:17  12.7    5:35   3.0   0.4   0.0   8.9  43.5   16:01    SE
13  16.1  23.3   12:49   9.7    5:28   3.2   1.0   0.0   2.4  29.0   15:30   NNE
14  14.8  19.8   15:09  10.1    1:33   3.7   0.1   0.0   3.9  22.5   12:12   NNE
15  16.1  22.6   17:18  11.8    7:05   2.7   0.5   0.0   2.6  24.1   20:36    SE
16  15.2  22.2   13:43  12.1   23:59   3.5   0.3   8.6   1.9  17.7    0:57    SE
17  15.6  19.8   14:01  11.4    6:21   2.9   0.2   0.2   4.3  25.7   13:04   NNE
18  16.7  20.8   13:21  12.8    3:18   2.1   0.5   0.0   5.5  29.0   12:09   NNE
19  17.3  21.2   13:33  13.9    6:10   1.8   0.8   0.0   6.0  29.0   13:22   NNE
20  18.2  23.4   14:45  13.3    1:48   1.6   1.6   0.0   5.5  32.2   15:31   NNE
21  17.9  24.7   12:21  13.1   23:57   2.0   1.6   0.0   3.5  53.1   21:40   NNE
22  16.7  24.1   13:41   9.4    5:56   3.1   1.5   0.2   5.5  24.1   11:36     S
23  18.2  23.9   11:26  10.7    6:15   2.1   2.0   0.0   2.9  22.5   16:10   NNE
24  19.8  26.7   13:17  11.7    5:04   1.6   3.1   0.0   2.6  20.9   14:07   NNE
25  21.6  28.6   12:44  13.4    5:47   0.7   4.2   0.0   3.7  22.5   17:50    SW
26  21.3  29.6   14:26  13.7    5:59   1.1   4.7   0.0   2.9  24.1   15:51    SE
27  23.8  29.7   14:46  12.8    6:05   0.9   9.7   0.0   3.7  22.5   14:09    SE
28  21.6  29.1   13:29  14.5    5:44   0.8   4.2   0.0   2.7  24.1   14:06    SE
29  20.8  26.9   16:32  15.6    4:22   0.6   3.1   0.0   2.7  22.5   13:46   NNE
30  21.3  28.1   12:36  15.8    6:13   0.5   3.5   0.0   5.3  27.4   13:35     S
-------------------------------------------------------------------------------------
    16.5  29.7    27     6.6     2   101.1  44.5  19.6   5.0  54.7     1     NNE

Max >=  32.0:  0
Max <=   0.0:  0
Min <=   0.0:  0
Min <= -18.0:  0
Max Rain: 9.40 ON 05/04/18
Days of Rain: 5 (> .2 mm) 2 (> 2 mm) 0 (> 20 mm)
Heat Base:  18.3  Cool Base:  18.3  Method: Integration