Dati Stazione Meteo - Stile NOAA

Seleziona il Report di un Mese o un Anno
2019: Gen Feb Mar Apr Mag Giu Lug Ago Set Ott Nov Dic
2018: Gen Feb Mar Apr Mag Giu Lug Ago Set Ott Nov Dic
2017: Gen Feb Mar Apr Mag Giu Lug Ago Set Ott Nov Dic
2016: Gen Feb Mar Apr Mag Giu Lug Ago Set Ott Nov Dic
2015: Gen Feb Mar Apr Mag Giu Lug Ago Set Ott Nov Dic
2014: Gen Feb Mar Apr Mag Giu Lug Ago Set Ott Nov Dic
2013: Gen Feb Mar Apr Mag Giu Lug Ago Set Ott Nov Dic

Report for 2018 Maggio
                   MONTHLY CLIMATOLOGICAL SUMMARY for MAY. 2018

NAME: Davis Vantage Vue   CITY: Acquaviva delle Fonti   STATE: Italia 
ELEV:   305 m  LAT:  40° 53' 26" N  LONG:  16° 50' 43" E

                   TEMPERATURE (°C), RAIN  (mm), WIND SPEED (km/hr)

                                      HEAT  COOL        AVG
    MEAN                              DEG   DEG         WIND                 DOM
DAY TEMP  HIGH   TIME   LOW    TIME   DAYS  DAYS  RAIN  SPEED HIGH   TIME    DIR
------------------------------------------------------------------------------------
 1  18.8  25.9   12:04  12.1    5:37   1.5   2.0   0.0   3.1  24.1   12:44   NNE
 2  19.3  26.1   13:27  12.7    3:54   1.3   2.3   0.0   7.2  48.3   23:16    SE
 3  17.4  20.6   13:33  14.1   22:57   1.1   0.2   8.4  10.3  46.7   18:11    SE
 4  17.2  21.6   13:58  13.5   00:00   1.9   0.8   5.6   7.7  33.8    0:25    SE
 5  17.0  21.8   16:42  12.3    2:32   2.0   0.7   0.0   3.5  22.5   13:37   NNE
 6  17.8  22.7   13:17  13.8    2:38   1.6   1.1   1.4   4.0  24.1   13:46   NNE
 7  19.4  24.5   14:08  14.9    5:57   1.0   2.2   1.6   4.8  25.7   12:44   NNE
 8  17.8  24.3   10:40  14.2    5:27   1.4   0.9   4.6   1.9  24.1   12:40    SW
 9  18.0  23.1   16:42  13.1    4:40   1.7   1.4   0.0   2.6  29.0   13:37   NNE
10  18.6  23.2   13:33  13.7    4:16   1.3   1.6   0.0   3.9  27.4   15:21   NNE
11  19.3  25.0   13:32  14.4    2:41   1.1   2.1   0.0   4.5  27.4   13:05   NNE
12  19.8  25.9   16:34  14.3    2:02   1.0   2.5   0.0   3.4  20.9   10:35   NNE
13  19.3  25.6   10:30  14.0    2:38   1.3   2.3   0.8   2.4  20.9   12:47    SW
14  18.9  24.9   15:26  12.8    4:18   1.4   1.9   0.0   7.2  37.0    9:35    SW
15  14.7  18.7   12:59   9.0   23:41   3.6   0.0   0.2   5.3  25.7   17:10    SW
16  15.2  21.1   13:05   9.1    5:39   3.5   0.4   0.0   3.9  24.1   14:43    SW
17  17.0  23.6   11:23   9.9    5:47   2.5   1.2   0.0   2.6  27.4   14:31   NNE
18  16.6  21.4   13:59  11.5    6:20   2.2   0.5   0.0   2.1  19.3   16:42    SE
19  18.2  22.7   13:17  13.1    2:46   1.5   1.4   0.0   6.0  30.6   16:42   NNE
20  19.1  23.6   14:05  13.5    3:09   1.3   2.1   0.0   4.5  27.4   14:36   NNE
21  20.0  24.8   13:57  13.5    5:59   1.0   2.7   0.0   2.6  22.5   14:51   NNE
22  21.2  27.3   12:25  16.6    6:24   0.4   3.3   0.4   2.3  22.5   13:21    SE
23  17.6  20.3   13:32  15.2    9:52   0.9   0.2  11.6   1.9  27.4    9:24   NNE
24  18.8  22.9   15:35  15.4    0:01   0.9   1.5   3.6   4.7  27.4   13:06   NNE
25  21.0  25.8   14:13  15.2    2:25   0.6   3.3   0.0   4.8  27.4   13:31   NNE
26  22.2  27.2   14:04  16.6    3:27   0.1   4.0   0.0   5.1  27.4   15:17   NNE
27  22.7  27.8   12:35  16.9    3:04   0.1   4.5   0.0   3.5  25.7   13:17   NNE
28  23.7  30.6   15:07  16.2    4:33   0.3   5.7   0.0   3.5  25.7   16:03   NNE
29  24.3  30.1   12:38  18.6    5:54   0.0   6.0   0.0   2.9  24.1   13:32   NNE
30  23.3  29.1   15:54  19.2    4:24   0.0   5.0   0.2   2.3  25.7   16:51   NNE
31  23.9  29.0   13:43  18.1    4:32   0.0   5.6   0.0   2.4  22.5   13:36   NNE
-------------------------------------------------------------------------------------
    19.3  30.6    28     9.0    15    38.4  69.5  38.4   4.1  48.3     2     NNE

Max >=  32.0:  0
Max <=   0.0:  0
Min <=   0.0:  0
Min <= -18.0:  0
Max Rain: 11.61 ON 23/05/18
Days of Rain: 11 (> .2 mm) 5 (> 2 mm) 0 (> 20 mm)
Heat Base:  18.3  Cool Base:  18.3  Method: Integration