Dati Stazione Meteo - Stile NOAA

Seleziona il Report di un Mese o un Anno
2019: Gen Feb Mar Apr Mag Giu Lug Ago Set Ott Nov Dic
2018: Gen Feb Mar Apr Mag Giu Lug Ago Set Ott Nov Dic
2017: Gen Feb Mar Apr Mag Giu Lug Ago Set Ott Nov Dic
2016: Gen Feb Mar Apr Mag Giu Lug Ago Set Ott Nov Dic
2015: Gen Feb Mar Apr Mag Giu Lug Ago Set Ott Nov Dic
2014: Gen Feb Mar Apr Mag Giu Lug Ago Set Ott Nov Dic
2013: Gen Feb Mar Apr Mag Giu Lug Ago Set Ott Nov Dic

Report for 2018 Giugno
                   MONTHLY CLIMATOLOGICAL SUMMARY for JUN. 2018

NAME: Davis Vantage Vue   CITY: Acquaviva delle Fonti   STATE: Italia 
ELEV:   305 m  LAT:  40° 53' 26" N  LONG:  16° 50' 43" E

                   TEMPERATURE (°C), RAIN  (mm), WIND SPEED (km/hr)

                                      HEAT  COOL        AVG
    MEAN                              DEG   DEG         WIND                 DOM
DAY TEMP  HIGH   TIME   LOW    TIME   DAYS  DAYS  RAIN  SPEED HIGH   TIME    DIR
------------------------------------------------------------------------------------
 1  24.4  29.2   16:10  18.6    1:11   0.0   6.1   0.0   3.9  29.0   13:29   NNE
 2  24.7  29.5   13:44  19.6    5:50   0.0   6.4   0.0   3.1  25.7   12:45   NNE
 3  24.7  29.4   14:12  18.7    2:39   0.0   6.3   0.0   3.2  25.7   14:28   NNE
 4  25.1  31.8   12:26  19.2    5:22   0.0   6.8   0.0   3.1  19.3   20:11    SE
 5  24.1  29.9   14:29  19.3    1:17   0.0   5.7   0.0   4.8  25.7   19:10    SW
 6  22.9  27.3   15:26  17.1    5:50   0.0   4.7   0.0   3.5  20.9   12:59   NNE
 7  24.9  31.4   12:56  19.6    4:16   0.0   6.6   0.0   3.9  24.1   16:16    SE
 8  23.9  30.2   13:36  18.9    4:06   0.0   5.6   0.0   7.4  30.6   21:24    SE
 9  21.9  27.1   12:33  17.9    5:36   0.0   3.6   6.8   6.0  32.2    0:03   NNE
10  23.1  27.7   15:09  17.9    5:41   0.0   4.8   0.0   6.8  33.8   13:26   NNE
11  24.8  29.8   13:07  18.6    2:52   0.0   6.4   0.0   3.5  25.7   11:47   NNE
12  26.3  35.2   13:25  19.6    2:53   0.0   8.1   0.0   3.9  25.7   14:12    SE
13  24.6  30.4   14:54  19.7    5:46   0.0   6.3   0.2   6.1  30.6    8:59   NNE
14  19.6  23.5   10:33  15.8   14:38   0.2   1.5  62.2   2.4  22.5   12:50   NNE
15  18.4  21.5   18:50  16.3   10:20   0.5   0.7  28.2   4.5  27.4    9:30   NNE
16  20.7  24.9   14:03  17.6    5:01   0.1   2.5   0.6   5.8  32.2   15:30   NNE
17  22.3  26.7   13:53  18.0    3:38   0.0   4.0   0.0   6.0  32.2   12:33   NNE
18  23.0  27.1   12:56  18.9    0:15   0.0   4.7   0.0   6.0  29.0   13:59   NNE
19  23.5  27.2   14:26  20.1    5:20   0.0   5.2   0.0   7.6  33.8   14:52   NNE
20  23.1  27.6   13:17  19.4    5:02   0.0   4.9   0.0   3.2  25.7   12:01   NNE
21  23.7  30.8   12:21  18.9    6:14   0.0   5.4   0.0   2.1  30.6   14:29   NNE
22  24.3  31.8   13:38  19.8   22:14   0.0   6.0  10.6   3.7  30.6   18:11    SW
23  20.4  23.7   14:26  17.8   23:27   0.0   2.2   1.6   9.0  33.8   11:47   NNE
24  19.6  23.4   14:55  15.0    4:39   0.6   1.9   0.0   6.8  32.2   14:35   NNE
25  20.2  23.7   16:48  15.9    2:39   0.5   2.4   0.0   6.9  30.6   11:20   NNE
26  17.9  19.9   19:51  14.4    7:27   0.9   0.5  21.6   7.4  32.2   10:48   NNE
27  18.9  21.6   13:31  16.7   23:58   0.2   0.8   0.8   9.2  40.2   16:59   NNE
28  18.8  23.0   16:59  15.1    3:57   1.0   1.5   4.6   6.4  30.6   15:58   NNE
29  21.1  25.7   13:39  16.4    1:48   0.3   3.1   0.0   3.9  27.4   14:20   NNE
30  23.3  27.2   16:27  18.1    0:01   0.0   5.0   0.0   6.0  30.6   10:47   NNE
-------------------------------------------------------------------------------------
    22.5  35.2    12    14.4    26     4.4 129.7 137.2   5.2  40.2    27     NNE

Max >=  32.0:  1
Max <=   0.0:  0
Min <=   0.0:  0
Min <= -18.0:  0
Max Rain: 62.20 ON 14/06/18
Days of Rain: 10 (> .2 mm) 6 (> 2 mm) 3 (> 20 mm)
Heat Base:  18.3  Cool Base:  18.3  Method: Integration