Dati Stazione Meteo - Stile NOAA

Seleziona il Report di un Mese o un Anno
2019: Gen Feb Mar Apr Mag Giu Lug Ago Set Ott Nov Dic
2018: Gen Feb Mar Apr Mag Giu Lug Ago Set Ott Nov Dic
2017: Gen Feb Mar Apr Mag Giu Lug Ago Set Ott Nov Dic
2016: Gen Feb Mar Apr Mag Giu Lug Ago Set Ott Nov Dic
2015: Gen Feb Mar Apr Mag Giu Lug Ago Set Ott Nov Dic
2014: Gen Feb Mar Apr Mag Giu Lug Ago Set Ott Nov Dic
2013: Gen Feb Mar Apr Mag Giu Lug Ago Set Ott Nov Dic

Report for 2018 Luglio
                   MONTHLY CLIMATOLOGICAL SUMMARY for JUL. 2018

NAME: Davis Vantage Vue   CITY: Acquaviva delle Fonti   STATE: Italia 
ELEV:   305 m  LAT:  40° 53' 26" N  LONG:  16° 50' 43" E

                   TEMPERATURE (°C), RAIN  (mm), WIND SPEED (km/hr)

                                      HEAT  COOL        AVG
    MEAN                              DEG   DEG         WIND                 DOM
DAY TEMP  HIGH   TIME   LOW    TIME   DAYS  DAYS  RAIN  SPEED HIGH   TIME    DIR
------------------------------------------------------------------------------------
 1  25.9  33.3   13:33  18.3    2:18   0.0   7.6   0.0   4.5  25.7   14:04    SW
 2  27.0  33.9   15:02  20.2    5:43   0.0   8.7   0.0   4.2  22.5   17:31    SE
 3  26.9  32.4   12:58  21.8    3:33   0.0   8.6   0.0   3.4  24.1   13:54   NNE
 4  26.3  31.3   14:19  21.4    6:18   0.0   8.0   0.0   3.5  24.1   12:59   NNE
 5  27.7  35.6   14:24  21.3    5:48   0.0   9.4   0.0   3.7  30.6   13:42    SE
 6  25.8  30.7   14:31  19.7    4:14   0.0   7.5   0.0   5.1  29.0   15:06   NNE
 7  24.1  28.2   14:21  20.8    6:09   0.0   5.8   0.0   7.1  35.4   15:09   NNE
 8  23.6  27.4   12:58  20.2    4:18   0.0   5.3   0.0   8.0  37.0   15:39   NNE
 9  23.0  26.8   14:20  19.3    6:02   0.0   4.7   0.0   8.2  37.0   17:14   NNE
10  23.3  27.9   12:54  18.7    0:14   0.0   5.1   0.0   5.5  32.2   13:16   NNE
11  25.2  33.6   14:27  17.6    5:15   0.1   6.9   0.0   3.7  22.5   15:17    SE
12  26.3  30.8   14:45  20.4    2:10   0.0   7.8   0.0   4.5  22.5   12:54   NNE
13  25.9  30.4   14:05  20.6    5:38   0.0   7.6   0.0   4.0  27.4   14:25   NNE
14  25.8  30.1   14:42  20.9   23:54   0.0   7.5   0.0   4.5  33.8   14:52   NNE
15  27.2  35.4   13:19  18.4    5:53   0.0   8.9   0.0   3.5  32.2   13:31   NNE
16  28.4  36.0   13:40  20.3    5:17   0.0  10.1   0.0   3.1  25.7   15:03   NNE
17  24.1  27.2    2:57  20.8   23:45   0.0   5.7   0.0   6.0  32.2   14:00   NNE
18  24.8  29.1   14:54  20.1    3:45   0.0   6.5   0.0   6.8  37.0   12:35   NNE
19  26.5  32.2   15:36  20.6    0:13   0.0   8.2   0.0   5.3  30.6   12:31   NNE
20  26.3  31.5   15:01  21.4   00:00   0.0   8.0   0.0   5.3  33.8   15:06   NNE
21  28.1  36.4   13:36  19.7    4:49   0.0   9.8   0.0   5.6  32.2   19:22    SE
22  27.9  34.0   12:46  21.7    5:12   0.0   9.6   0.0   4.3  30.6   13:38   NNE
23  22.7  30.9   12:13  18.6   14:18   0.0   4.4   8.6   3.5  40.2   12:56   NNE
24  23.9  28.3   15:02  19.5    0:03   0.0   5.6   0.0   8.9  35.4   14:32   NNE
25  24.9  29.1   15:10  20.8    5:32   0.0   6.6   0.0   6.9  30.6   13:14   NNE
26  25.7  29.9   14:32  22.0    4:28   0.0   7.5   0.0   6.1  32.2   15:56   NNE
27  24.2  30.5   13:03  19.1    4:19   0.0   5.9   0.6   3.1  22.5   13:10   NNE
28  25.6  30.6   16:19  19.3    2:53   0.0   7.3   0.0   3.2  27.4   13:19   NNE
29  25.8  30.3   14:34  21.3    5:18   0.0   7.5   0.0   5.6  35.4   16:05   NNE
30  26.9  31.3   13:51  22.4    0:35   0.0   8.6   0.0   5.8  29.0   14:06   NNE
31  27.4  31.8   14:17  23.5    5:46   0.0   9.1   0.0   6.1  30.6   13:35   NNE
-------------------------------------------------------------------------------------
    25.7  36.4    21    17.6    11     0.1 229.8   9.2   5.1  40.2    23     NNE

Max >=  32.0: 10
Max <=   0.0:  0
Min <=   0.0:  0
Min <= -18.0:  0
Max Rain: 8.61 ON 23/07/18
Days of Rain: 2 (> .2 mm) 1 (> 2 mm) 0 (> 20 mm)
Heat Base:  18.3  Cool Base:  18.3  Method: Integration