Dati Stazione Meteo - Stile NOAA

Seleziona il Report di un Mese o un Anno
2019: Gen Feb Mar Apr Mag Giu Lug Ago Set Ott Nov Dic
2018: Gen Feb Mar Apr Mag Giu Lug Ago Set Ott Nov Dic
2017: Gen Feb Mar Apr Mag Giu Lug Ago Set Ott Nov Dic
2016: Gen Feb Mar Apr Mag Giu Lug Ago Set Ott Nov Dic
2015: Gen Feb Mar Apr Mag Giu Lug Ago Set Ott Nov Dic
2014: Gen Feb Mar Apr Mag Giu Lug Ago Set Ott Nov Dic
2013: Gen Feb Mar Apr Mag Giu Lug Ago Set Ott Nov Dic

Report for 2018 Agosto
                   MONTHLY CLIMATOLOGICAL SUMMARY for AUG. 2018

NAME: Davis Vantage Vue   CITY: Acquaviva delle Fonti   STATE: Italia 
ELEV:   305 m  LAT:  40° 53' 26" N  LONG:  16° 50' 43" E

                   TEMPERATURE (°C), RAIN  (mm), WIND SPEED (km/hr)

                                      HEAT  COOL        AVG
    MEAN                              DEG   DEG         WIND                 DOM
DAY TEMP  HIGH   TIME   LOW    TIME   DAYS  DAYS  RAIN  SPEED HIGH   TIME    DIR
------------------------------------------------------------------------------------
 1  27.6  31.4   14:21  23.9   23:48   0.0   9.2   0.0   5.6  27.4   11:57   NNE
 2  27.3  33.0   12:36  21.9    5:44   0.0   9.0   0.0   4.0  25.7   14:11   NNE
 3  26.1  30.9   12:37  22.7    5:29   0.0   7.7   0.0   4.3  30.6   13:34   NNE
 4  25.8  29.9   13:51  22.2   23:59   0.0   7.5   0.0   4.3  29.0   14:18   NNE
 5  25.9  31.3   11:32  20.2    2:15   0.0   7.8   0.0   2.6  25.7   12:27   NNE
 6  27.0  32.7   12:28  20.8    2:15   0.0   9.0   0.0   3.2  27.4   13:38   NNE
 7  27.2  33.4   11:57  19.9    6:22   0.0   8.9   0.0   3.9  29.0   14:40   NNE
 8  28.1  35.4   12:58  20.5    6:33   0.0   9.8   0.0   2.9  22.5   13:44    NE
 9  26.8  33.1   12:14  20.8    4:23   0.0   8.5   0.0   2.1  24.1   12:49   NNE
10  27.8  33.1   14:59  21.9    6:10   0.0   9.5   0.0   3.5  27.4   14:49   NNE
11  27.9  32.8   15:06  23.3    2:16   0.0   9.6   0.0   4.2  27.4   14:19   NNE
12  27.4  32.3   12:56  21.9    6:33   0.0   9.1   0.0   3.2  25.7   14:23   NNE
13  27.6  34.1   13:27  20.6    6:19   0.0   9.3   0.0   2.7  25.7   13:47    SE
14  26.6  35.1   14:24  20.1   20:10   0.0   8.3   2.6   3.7  32.2   19:00   NNE
15  21.1  26.0   12:08  18.3   13:58   0.0   2.8  42.2   3.1  30.6   12:22   NNE
16  22.0  27.4   13:45  18.7    1:55   0.0   3.4   5.6   3.5  33.8   15:28   NNE
17  21.3  21.4   23:49  21.2   23:34   0.0   0.1   0.0   1.1   4.8   23:34   WSW
18  24.5  29.3   14:06  19.8    4:43   0.0   6.2   0.0   3.7  25.7   14:53   NNE
19  24.8  29.6   15:10  20.6    5:34   0.0   6.5   0.0   4.2  24.1   11:15   NNE
20  24.9  29.2   14:23  21.6    3:08   0.0   6.6   0.0   4.5  27.4   14:53   NNE
21  24.3  28.9   12:50  21.0    4:30   0.0   6.0   0.0   2.9  24.1   13:38   NNE
22  23.2  29.4   12:14  18.7   15:15   0.0   4.9  29.0   1.4  37.0   14:41   NNE
23  23.6  28.8   12:57  19.7   15:17   0.0   5.3   5.0   1.9  24.1   14:51   NNE
24  22.9  29.3   13:15  19.0   23:56   0.0   4.7   0.4   1.8  20.9   13:43   NNE
25  23.7  30.4   13:12  18.3    1:38   0.0   5.4   0.2   2.7  17.7   14:49    SE
26  24.4  29.7   13:53  19.4   23:38   0.0   6.1   0.0   5.1  22.5   12:49    SW
27  20.8  24.8   15:03  16.5    7:24   0.1   2.7   0.0   7.7  35.4   16:52   NNE
28  22.2  26.6   14:48  18.3    6:33   0.0   3.9   0.0   6.8  33.8   11:53   NNE
29  23.6  28.8   13:47  19.2    3:28   0.0   5.4   0.0   3.9  24.1   16:12   NNE
30  24.4  31.1   13:51  18.3    6:18   0.0   6.2   0.0   2.1  22.5   14:01   NNE
31  25.3  32.5   13:25  19.1    5:56   0.0   7.0   0.0   2.3  22.5   14:50    NE
-------------------------------------------------------------------------------------
    25.0  35.4     8    16.5    27     0.1 206.1  85.0   3.5  37.0    22     NNE

Max >=  32.0: 11
Max <=   0.0:  0
Min <=   0.0:  0
Min <= -18.0:  0
Max Rain: 42.19 ON 15/08/18
Days of Rain: 7 (> .2 mm) 5 (> 2 mm) 2 (> 20 mm)
Heat Base:  18.3  Cool Base:  18.3  Method: Integration