Dati Stazione Meteo - Stile NOAA

Seleziona il Report di un Mese o un Anno
2019: Gen Feb Mar Apr Mag Giu Lug Ago Set Ott Nov Dic
2018: Gen Feb Mar Apr Mag Giu Lug Ago Set Ott Nov Dic
2017: Gen Feb Mar Apr Mag Giu Lug Ago Set Ott Nov Dic
2016: Gen Feb Mar Apr Mag Giu Lug Ago Set Ott Nov Dic
2015: Gen Feb Mar Apr Mag Giu Lug Ago Set Ott Nov Dic
2014: Gen Feb Mar Apr Mag Giu Lug Ago Set Ott Nov Dic
2013: Gen Feb Mar Apr Mag Giu Lug Ago Set Ott Nov Dic

Report for 2018 Ottobre
                   MONTHLY CLIMATOLOGICAL SUMMARY for OCT. 2018

NAME: Davis Vantage Vue   CITY: Acquaviva delle Fonti   STATE: Italia 
ELEV:   305 m  LAT:  40° 53' 26" N  LONG:  16° 50' 43" E

                   TEMPERATURE (°C), RAIN  (mm), WIND SPEED (km/hr)

                                      HEAT  COOL        AVG
    MEAN                              DEG   DEG         WIND                 DOM
DAY TEMP  HIGH   TIME   LOW    TIME   DAYS  DAYS  RAIN  SPEED HIGH   TIME    DIR
------------------------------------------------------------------------------------
 1  18.6  26.2   14:07  11.7    2:31   1.9   2.2   0.0   4.5  27.4   17:51    SE
 2  18.8  21.6   10:29  16.7    5:42   0.5   1.0   0.0   3.7  32.2   15:28   NNE
 3  18.7  22.3   13:37  15.9    6:07   0.6   1.1   1.2   5.8  25.7   15:26   NNE
 4  18.8  22.7   11:11  17.3   23:50   0.3   0.9   8.4   2.9  24.1   12:17   NNE
 5  17.2  18.8   11:27  15.8    8:47   1.1   0.0  32.6   4.8  33.8   14:04    SE
 6  18.1  22.1   14:13  16.1    7:42   0.9   0.7   6.8   8.2  32.2   14:47    SE
 7  18.9  24.2   13:03  15.4    7:02   0.9   1.6   4.0   2.9  27.4   18:05   SSW
 8  18.1  21.8   12:53  16.2    2:44   0.9   0.7   0.2   3.5  20.9   15:07   NNE
 9  17.9  21.9   13:53  14.8    6:11   1.1   0.7   0.2   3.2  22.5   13:27   NNE
10  17.8  21.8   13:32  13.9   23:58   1.8   1.1   0.0   2.7  19.3   14:54   NNE
11  17.8  25.3   12:36  11.3    6:50   2.7   2.0   0.2   1.6  19.3   14:53   NNE
12  17.8  21.9   13:00  12.8    7:20   1.9   1.2   0.0   3.2  20.9   13:50   NNE
13  16.8  20.9   14:46  13.2   23:48   1.9   0.5   0.2   3.4  22.5   12:10   NNE
14  16.3  22.4   12:54  12.0    6:27   2.5   0.5   0.6   1.3  16.1   15:32   NNE
15  17.7  23.6   12:41  13.5    3:06   1.8   1.2   0.2   2.1  19.3   10:15    SE
16  18.6  22.7   12:07  15.4    0:28   0.7   1.0   0.0   3.4  24.1   11:28    SE
17  19.1  25.4   13:08  15.1   23:57   1.1   1.8   0.4   1.8  16.1   12:34    SE
18  17.2  24.8   14:15  13.2    5:59   2.1   1.0   0.2   1.8  22.5   14:54   NNE
19  17.0  21.1   15:24  13.6    0:04   1.8   0.5   0.2   2.4  19.3   12:45   NNE
20  17.2  21.9   14:45  12.8    2:39   2.0   0.9   0.0   4.0  25.7   12:40   NNE
21  16.2  20.0   12:32  13.3    6:31   2.4   0.2   0.0   3.7  20.9   16:42   NNE
22  13.9  15.1   16:56  12.6    5:54   4.3   0.0  12.8   3.1  24.1   20:36   NNE
23  15.4  18.4   15:38  12.1   23:50   2.9   0.0  10.2   6.6  35.4   14:53   NNE
24  15.7  22.2   16:03  10.8    4:06   3.4   0.7   0.0   2.7  19.3   10:20   NNE
25  15.7  21.6   15:24  12.6    7:26   2.9   0.3   0.0   2.9  17.7    5:23   NNE
26  17.7  24.8   14:22  12.6    4:55   2.2   1.6   0.0   4.8  20.9   15:50    SE
27  18.2  23.3   14:06  13.5    5:17   1.4   1.3   0.2   7.4  43.5   23:47    SE
28  18.8  19.7   16:14  17.9    4:48   0.0   0.6   6.2  16.7  51.5   11:50    SE
29  19.3  20.2   13:33  16.9   22:55   0.1   1.1  17.4  20.6  64.4   16:30    SE
30  16.7  21.8   15:16  12.2   23:42   2.3   0.7   4.6   5.0  29.0    9:39    SW
31  14.9  20.2   12:39   8.7    6:00   3.6   0.2   0.0   4.7  27.4   23:05    SE
-------------------------------------------------------------------------------------
    17.4  26.2     1     8.7    31    54.1  27.3 106.8   4.7  64.4    29     NNE

Max >=  32.0:  0
Max <=   0.0:  0
Min <=   0.0:  0
Min <= -18.0:  0
Max Rain: 32.59 ON 05/10/18
Days of Rain: 20 (> .2 mm) 9 (> 2 mm) 1 (> 20 mm)
Heat Base:  18.3  Cool Base:  18.3  Method: Integration