Dati Stazione Meteo - Stile NOAA

Seleziona il Report di un Mese o un Anno
2019: Gen Feb Mar Apr Mag Giu Lug Ago Set Ott Nov Dic
2018: Gen Feb Mar Apr Mag Giu Lug Ago Set Ott Nov Dic
2017: Gen Feb Mar Apr Mag Giu Lug Ago Set Ott Nov Dic
2016: Gen Feb Mar Apr Mag Giu Lug Ago Set Ott Nov Dic
2015: Gen Feb Mar Apr Mag Giu Lug Ago Set Ott Nov Dic
2014: Gen Feb Mar Apr Mag Giu Lug Ago Set Ott Nov Dic
2013: Gen Feb Mar Apr Mag Giu Lug Ago Set Ott Nov Dic

Report for 2018 Novembre
                   MONTHLY CLIMATOLOGICAL SUMMARY for NOV. 2018

NAME: Davis Vantage Vue   CITY: Acquaviva delle Fonti   STATE: Italia 
ELEV:   305 m  LAT:  40° 53' 26" N  LONG:  16° 50' 43" E

                   TEMPERATURE (°C), RAIN  (mm), WIND SPEED (km/hr)

                                      HEAT  COOL        AVG
    MEAN                              DEG   DEG         WIND                 DOM
DAY TEMP  HIGH   TIME   LOW    TIME   DAYS  DAYS  RAIN  SPEED HIGH   TIME    DIR
------------------------------------------------------------------------------------
 1  16.9  17.6   13:50  15.7    0:03   1.4   0.0   4.6   8.2  30.6    8:24    SE
 2  18.8  20.6   11:15  16.9    0:59   0.1   0.7   0.0   8.7  33.8   13:46    SE
 3  17.6  20.3   12:17  15.3   23:58   1.0   0.3   0.2   2.1  19.3   13:26   NNE
 4  16.3  19.6   12:18  14.0    2:22   2.2   0.2   4.2   4.7  33.8   23:58    SE
 5  15.7  19.3   14:48  13.4    5:43   2.6   0.1   5.4   5.1  35.4    0:06    SE
 6  16.6  21.3   13:13  14.0    6:32   2.2   0.6   0.2   3.7  19.3   10:16    SE
 7  15.2  19.7   11:49  12.2    6:50   3.1   0.1   0.4   1.8  12.9    0:38    SW
 8  14.5  18.2   13:45  11.4   23:04   3.8   0.0   0.0   3.7  25.7   13:46   NNE
 9  13.9  19.1   13:17  10.2    6:50   4.5   0.0   0.0   1.6  14.5   16:01   NNE
10  13.7  19.8   13:10   9.6    1:47   4.7   0.1   0.2   1.9  16.1   14:15    SE
11  14.2  20.6   13:05   9.8    4:52   4.4   0.3   0.4   1.8  16.1   12:41    SE
12  14.6  21.6   15:02  10.3    2:31   4.1   0.4   0.4   1.3  16.1   15:12   NNE
13  12.7  18.5   13:04   8.5    6:49   5.6   0.0   0.2   1.1  16.1   13:52   NNE
14  13.4  17.2   13:48  10.1    6:49   5.6   0.0   0.0   3.9  32.2   10:40   NNE
15  12.9  16.9   12:19  10.8    5:53   5.4   0.0   0.2   3.5  24.1   14:59   NNE
16  10.2  12.3    9:22   6.9   23:07   8.2   0.0   1.6   2.9  29.0    9:31   NNE
17   8.4  12.5   11:50   6.3    2:28   9.8   0.0   6.6   3.2  27.4   12:34   NNE
18   9.8  12.0   12:23   7.2   00:00   8.5   0.0   1.2   4.2  24.1   12:40   NNE
19  10.7  15.5   22:50   6.9    1:36   7.6   0.0   0.0   5.1  33.8   23:01    SE
20  16.8  20.7   12:45  12.4   21:42   1.9   0.4   1.4   9.0  38.6    6:28    SE
21  12.6  16.6   13:39   8.1   23:23   5.7   0.0   0.0   3.2  22.5   11:02   NNE
22  11.8  16.7   11:21   7.5    0:45   6.5   0.0   0.2   1.8  19.3   12:13   NNE
23  11.9  17.6   14:09   7.6    4:38   6.4   0.0   0.2   1.8  14.5   22:32     S
24  14.4  18.2   13:04  12.1    1:52   3.9   0.0   0.2   8.4  30.6    6:33     S
25  14.9  17.2   12:49  13.2   00:00   3.5   0.0   5.6   8.4  45.1   11:11     S
26  12.8  17.1   12:19  10.6    6:02   5.5   0.0   0.6   4.5  27.4   12:22     S
27  11.6  15.7   10:15   9.4   22:01   6.7   0.0  12.0   8.0  38.6    8:17    SE
28   8.0   9.6    0:03   7.1    9:21  10.3   0.0  12.2   9.8  40.2    2:44   NNE
29   8.8  11.3   12:06   7.3    7:07   9.4   0.0   0.0   6.4  33.8   14:14   NNE
30   8.7  14.0   13:00   5.6   23:00   9.6   0.0   0.0   2.4  16.1    0:29     S
-------------------------------------------------------------------------------------
    13.3  21.6    12     5.6    30   154.3   3.2  58.2   4.4  45.1    25     NNE

Max >=  32.0:  0
Max <=   0.0:  0
Min <=   0.0:  0
Min <= -18.0:  0
Max Rain: 12.19 ON 28/11/18
Days of Rain: 22 (> .2 mm) 7 (> 2 mm) 0 (> 20 mm)
Heat Base:  18.3  Cool Base:  18.3  Method: Integration