Dati Stazione Meteo - Stile NOAA

Seleziona il Report di un Mese o un Anno
2019: Gen Feb Mar Apr Mag Giu Lug Ago Set Ott Nov Dic
2018: Gen Feb Mar Apr Mag Giu Lug Ago Set Ott Nov Dic
2017: Gen Feb Mar Apr Mag Giu Lug Ago Set Ott Nov Dic
2016: Gen Feb Mar Apr Mag Giu Lug Ago Set Ott Nov Dic
2015: Gen Feb Mar Apr Mag Giu Lug Ago Set Ott Nov Dic
2014: Gen Feb Mar Apr Mag Giu Lug Ago Set Ott Nov Dic
2013: Gen Feb Mar Apr Mag Giu Lug Ago Set Ott Nov Dic

Report for 2018 Dicembre
                   MONTHLY CLIMATOLOGICAL SUMMARY for DEC. 2018

NAME: Davis Vantage Vue   CITY: Acquaviva delle Fonti   STATE: Italia 
ELEV:   305 m  LAT:  40° 53' 26" N  LONG:  16° 50' 43" E

                   TEMPERATURE (°C), RAIN  (mm), WIND SPEED (km/hr)

                                      HEAT  COOL        AVG
    MEAN                              DEG   DEG         WIND                 DOM
DAY TEMP  HIGH   TIME   LOW    TIME   DAYS  DAYS  RAIN  SPEED HIGH   TIME    DIR
------------------------------------------------------------------------------------
 1   9.1  12.8   12:10   5.5    2:25   9.2   0.0   0.8   2.9  24.1   12:19    SE
 2  10.7  14.3   12:56   8.0   20:06   7.6   0.0   0.2   2.3  14.5   21:48   NNE
 3  11.1  16.0   12:46   8.0    3:22   7.1   0.0   0.0   1.9  20.9   11:37    SW
 4  12.9  16.7   13:18  10.7    0:07   5.4   0.0   3.4   3.5  29.0   23:06   NNE
 5  11.2  14.2   11:41   7.9   22:05   7.1   0.0   0.0   6.0  33.8   11:11   NNE
 6   9.7  13.9   12:52   6.9   23:36   8.6   0.0   0.0   1.6  12.9    0:17   NNE
 7  10.5  15.9   14:55   7.1    0:06   7.8   0.0   0.0   2.3  19.3   23:28   NNE
 8  10.8  16.2   12:12   7.3    4:14   7.5   0.0   3.8   7.7  38.6   16:40     S
 9  11.7  17.3   14:25   7.4    7:08   6.6   0.0   0.0   6.1  27.4    0:18    SW
10  10.3  14.6   13:07   5.9   23:53   7.9   0.0   3.8   5.3  29.0   12:12   NNE
11   5.9  10.6   12:54   2.6    8:19  12.3   0.0   3.8   4.7  38.6    7:54   NNE
12   5.5  11.4   15:04   2.2    5:05  12.8   0.0   0.0   1.6  12.9   14:08   WSW
13   7.3  10.2   15:28   3.7    2:06  11.5   0.0   1.0   4.2  22.5   15:12    SE
14  10.8  15.2   13:57   7.9   23:56   7.4   0.0   0.6   3.1  17.7   12:48   NNE
15   5.7   7.9    0:01   2.7   23:59  12.6   0.0   8.4   3.7  20.9   11:47   NNE
16   4.4   8.5   14:15   2.0   21:29  13.8   0.0   0.0   3.4  22.5    1:07   NNE
17   7.4  12.0   12:33   3.4    0:01  10.9   0.0   5.2   8.0  37.0   20:55   NNE
18   7.2   9.5   15:22   5.0   23:58  11.1   0.0   2.6   9.8  32.2    1:21   NNE
19   6.7  11.1   13:28   3.6   21:40  11.8   0.0   0.0   3.2  19.3   12:17   NNE
20   8.7  14.7   13:49   4.5    0:18   9.6   0.0   0.0   4.2  19.3    4:44     S
21   9.8  14.2   12:47   6.1    6:42   8.5   0.0   0.0   2.3  19.3   11:33    SW
22  11.3  16.1   13:24   6.7    0:42   7.0   0.0   0.0   4.7  27.4   11:10    SW
23  12.4  18.8   12:57   9.7    7:14   5.9   0.0   0.0   3.1  17.7   20:54    SW
24  12.3  18.6   13:59   8.2    6:28   6.0   0.0   1.4   6.1  38.6   21:11     S
25   7.8   9.2    1:26   6.3   23:47  10.6   0.0   0.0   9.8  35.4   10:01   NNE
26   6.9   9.4   12:45   4.5   20:14  11.4   0.0   0.0   7.1  33.8    2:42   NNE
27   7.4  11.9   14:55   4.3    6:44  10.8   0.0   0.0   3.4  24.1   13:25   NNE
28   7.7  12.8   11:55   4.9    4:07  10.6   0.0   0.0   1.9  14.5   13:07   WSW
29   8.3  13.1   13:33   5.2    0:41   9.9   0.0   0.0   3.2  22.5   10:44   NNE
30   8.3  12.6   11:06   5.9    2:21  10.0   0.0   5.2   1.9  25.7   23:25   NNE
31   5.9   7.6   11:11   4.6    3:51  12.3   0.0  10.0   5.8  49.9   13:43   NNE
-------------------------------------------------------------------------------------
     8.9  18.8    23     2.0    16   291.7   0.0  50.2   4.3  49.9    31     NNE

Max >=  32.0:  0
Max <=   0.0:  0
Min <=   0.0:  0
Min <= -18.0:  0
Max Rain: 10.01 ON 31/12/18
Days of Rain: 14 (> .2 mm) 9 (> 2 mm) 0 (> 20 mm)
Heat Base:  18.3  Cool Base:  18.3  Method: Integration