Dati Stazione Meteo - Stile NOAA

Seleziona il Report di un Mese o un Anno
2019: Gen Feb Mar Apr Mag Giu Lug Ago Set Ott Nov Dic
2018: Gen Feb Mar Apr Mag Giu Lug Ago Set Ott Nov Dic
2017: Gen Feb Mar Apr Mag Giu Lug Ago Set Ott Nov Dic
2016: Gen Feb Mar Apr Mag Giu Lug Ago Set Ott Nov Dic
2015: Gen Feb Mar Apr Mag Giu Lug Ago Set Ott Nov Dic
2014: Gen Feb Mar Apr Mag Giu Lug Ago Set Ott Nov Dic
2013: Gen Feb Mar Apr Mag Giu Lug Ago Set Ott Nov Dic

Report for 2019
                            ANNUAL CLIMATOLOGICAL SUMMARY

NAME: Davis Vantage Vue  CITY: Acquaviva delle Fonti   STATE: Italia  
ELEV:   305 m  LAT:  40° 53' 26" N  LONG:  16° 50' 43" E

               TEMPERATURE (°C), HEAT BASE 18.3, COOL BASE 18.3
                          DEP.  HEAT  COOL                                          
        MEAN  MEAN        FROM  DEG   DEG                        MAX  MAX  MIN  MIN 
 YR MO  MAX   MIN   MEAN  NORM  DAYS  DAYS  HI  DATE  LOW  DATE  >=32 <=0  <=0  <=-18 
------------------------------------------------------------------------------------
 19  1   9.8   2.5   5.8  -0.8   392     0  14.8  19  -2.0    4    0    0    3    0
 19  2  12.8   4.6   8.4   1.2   283     0  18.2  28   0.6   25    0    0    0    0
 19  3  16.6   7.6  11.8   2.9   201     3  22.4  25   3.8   13    0    0    0    0
 19  4  18.3   9.4  13.4   1.7   152     5  25.3  25   6.3   30    0    0    0    0
 19  5  19.9  11.1  15.2  -0.7   110    16  25.4  25   4.8    8    0    0    0    0
 19  6  30.9  19.1  25.1   5.0     8   211  37.3   8  11.4    2   11    0    0    0
 19  7  31.1  19.9  25.4   2.8     1   222  36.8   7  15.2   18   12    0    0    0
 19  8  31.7  20.9  26.3   3.7     0   182  35.6   2  16.0   16   13    0    0    0
 19  9
 19 10
 19 11
 19 12
------------------------------------------------------------------------------------
        21.1  11.6  16.2   2.0  1147   639  37.3 JUN  -2.0  JAN   36    0    3    0

                                PRECIPITATION (mm)

               DEP.   MAX        DAYS OF RAIN 
               FROM   OBS.          OVER
 YR MO  TOTAL  NORM   DAY  DATE  .2   2   20
---------------------------------------------
 19  1 127.4   65.4  56.4   25   19   11    1
 19  2  37.8  -26.2  16.4    3    8    6    0
 19  3  51.8  -11.2  32.8   12    6    4    1
 19  4 101.2   58.2  31.4   15   13    8    1
 19  5  92.8   49.8  21.4   14   14   10    1
 19  6   0.2  -34.8   0.2    5    1    0    0
 19  7  93.0   67.0  48.0   13    8    5    2
 19  8   2.2  -32.8   2.2   14    1    1    0
 19  9
 19 10
 19 11
 19 12
---------------------------------------------
       506.3 135.3  56.4  JAN   70   45    6

                                WIND SPEED (km/hr)
                          DOM
 YR MO   AVG.  HI   DATE  DIR
---------------------------------
 19  1   5.1  49.9    7   NNE
 19  2   7.1  66.0    2   NNE
 19  3   6.4  69.2   12   NNE
 19  4   6.5  61.2   22   NNE
 19  5   5.7  46.7   12   NNE
 19  6   5.1  37.0   29   NNE
 19  7   5.1  51.5   10   NNE
 19  8   4.7  35.4    4   NNE
 19  9
 19 10
 19 11
 19 12
---------------------------------
         5.7  69.2  MAR  NNE