Dati Stazione Meteo - Stile NOAA

Seleziona il Report di un Mese o un Anno
2019: Gen Feb Mar Apr Mag Giu Lug Ago Set Ott Nov Dic
2018: Gen Feb Mar Apr Mag Giu Lug Ago Set Ott Nov Dic
2017: Gen Feb Mar Apr Mag Giu Lug Ago Set Ott Nov Dic
2016: Gen Feb Mar Apr Mag Giu Lug Ago Set Ott Nov Dic
2015: Gen Feb Mar Apr Mag Giu Lug Ago Set Ott Nov Dic
2014: Gen Feb Mar Apr Mag Giu Lug Ago Set Ott Nov Dic
2013: Gen Feb Mar Apr Mag Giu Lug Ago Set Ott Nov Dic

Report for 2019 Gennaio
                   MONTHLY CLIMATOLOGICAL SUMMARY for JAN. 2019

NAME: Davis Vantage Vue   CITY: Acquaviva delle Fonti   STATE: Italia 
ELEV:   305 m  LAT:  40° 53' 26" N  LONG:  16° 50' 43" E

                   TEMPERATURE (°C), RAIN  (mm), WIND SPEED (km/hr)

                                      HEAT  COOL        AVG
    MEAN                              DEG   DEG         WIND                 DOM
DAY TEMP  HIGH   TIME   LOW    TIME   DAYS  DAYS  RAIN  SPEED HIGH   TIME    DIR
------------------------------------------------------------------------------------
 1   6.7   9.6   11:22   3.7   21:39  11.6   0.0   0.6   6.3  35.4   12:24   NNE
 2   5.1  12.3   13:14   2.7    7:01  17.3   0.0   4.8   6.4  48.3   17:29   NNE
 3   1.7   5.1   12:01  -1.1   23:11  16.6   0.0   3.2   8.2  46.7   11:53   NNE
 4  -1.2   0.4    5:33  -2.0   12:48  19.7   0.0   0.0   6.1  29.0    6:05   NNE
 5   1.8   5.3   13:34  -1.7    0:25  16.4   0.0  12.8   5.3  30.6   13:48   NNE
 6   5.3   9.5   12:55   2.7    0:01  12.9   0.0   6.6   7.2  33.8   12:59   NNE
 7   4.2   6.1   12:11   2.4   23:29  14.1   0.0   0.0   9.2  49.9   11:41   NNE
 8   4.6   9.7   14:38   0.6    6:36  13.7   0.0   0.0   3.7  27.4   16:52     S
 9   6.1   7.6   10:03   4.1   23:56  12.3   0.0   4.0   4.2  24.1   17:14   NNE
10   4.0   5.7   12:47   2.4   22:56  14.3   0.0  12.4   4.0  29.0    9:44   NNE
11   3.6   6.5   13:06   1.2    4:20  14.7   0.0   0.8   3.4  20.9   14:17   NNE
12   4.2   7.4   14:11   1.4    7:14  14.1   0.0   0.8   7.4  35.4   13:05   NNE
13   5.7   9.1   11:35   2.3   23:59  12.7   0.0   0.0   1.6  20.9   14:13   WSW
14   5.8   8.2   15:31   2.3    0:01  12.3   0.0  10.2   3.2  19.3   17:53   NNE
15   5.4   7.6   14:19   2.2   23:20  12.9   0.0   5.2   8.2  45.1   10:35   NNE
16   6.4  13.0   15:22   1.3    2:16  11.8   0.0   0.0   2.4  19.3   10:47    SW
17   7.3  13.4   11:59   2.5    6:28  11.0   0.0   0.0   4.3  17.7   21:17     S
18   8.8  14.5   12:20   5.4    7:20   9.5   0.0   0.0   6.0  27.4   12:01     S
19   8.2  14.8   14:38   4.2    5:20  10.0   0.0   2.8   2.6  17.7   10:41     S
20   7.3  13.7   14:05   3.1    1:16  11.0   0.0   0.2   0.8  11.3   15:30   NNE
21   8.6  12.8   13:39   3.9    1:54   9.6   0.0   1.2   4.2  19.3   14:19    SE
22   9.4  14.1   12:40   5.0   23:59   8.8   0.0   0.0   6.3  27.4   10:40     S
23   6.5  11.5   13:30   2.9   21:34  11.7   0.0   0.0   3.9  25.7   10:17     S
24   6.6  11.0   11:38   1.9    6:54  11.7   0.0   2.4   4.5  27.4   12:39    NE
25   5.3   7.8    3:40   3.1   20:03  12.9   0.0  56.4   7.4  40.2   14:46   NNE
26   4.2   6.3   14:03   2.8    5:17  14.0   0.0   1.0   7.6  33.8   13:41   NNE
27   7.2  12.8   13:14   2.6    7:20  11.1   0.0   0.0   4.7  24.1   15:27     S
28   8.8  13.0   14:27   4.7   23:59   9.6   0.0   1.8   6.9  38.6   14:14     S
29   7.4  12.2   10:56   4.4    7:15  10.8   0.0   0.0   3.2  19.3   13:11   NNE
30   6.4  10.9   13:14   1.9    6:25  11.8   0.0   0.0   3.5  20.9   19:43     S
31   7.7  12.7   13:57   3.1    2:10  10.5   0.0   0.2   6.6  33.8    5:40    SW
-------------------------------------------------------------------------------------
     5.8  14.8    19    -2.0     4   391.6   0.0 127.4   5.1  49.9     7     NNE

Max >=  32.0:  0
Max <=   0.0:  0
Min <=   0.0:  3
Min <= -18.0:  0
Max Rain: 56.39 ON 25/01/19
Days of Rain: 19 (> .2 mm) 11 (> 2 mm) 1 (> 20 mm)
Heat Base:  18.3  Cool Base:  18.3  Method: Integration