Dati Stazione Meteo - Stile NOAA

Seleziona il Report di un Mese o un Anno
2019: Gen Feb Mar Apr Mag Giu Lug Ago Set Ott Nov Dic
2018: Gen Feb Mar Apr Mag Giu Lug Ago Set Ott Nov Dic
2017: Gen Feb Mar Apr Mag Giu Lug Ago Set Ott Nov Dic
2016: Gen Feb Mar Apr Mag Giu Lug Ago Set Ott Nov Dic
2015: Gen Feb Mar Apr Mag Giu Lug Ago Set Ott Nov Dic
2014: Gen Feb Mar Apr Mag Giu Lug Ago Set Ott Nov Dic
2013: Gen Feb Mar Apr Mag Giu Lug Ago Set Ott Nov Dic

Report for 2019 Febbraio
                   MONTHLY CLIMATOLOGICAL SUMMARY for FEB. 2019

NAME: Davis Vantage Vue   CITY: Acquaviva delle Fonti   STATE: Italia 
ELEV:   305 m  LAT:  40° 53' 26" N  LONG:  16° 50' 43" E

                   TEMPERATURE (°C), RAIN  (mm), WIND SPEED (km/hr)

                                      HEAT  COOL        AVG
    MEAN                              DEG   DEG         WIND                 DOM
DAY TEMP  HIGH   TIME   LOW    TIME   DAYS  DAYS  RAIN  SPEED HIGH   TIME    DIR
------------------------------------------------------------------------------------
 1  11.6  15.8   13:11   7.6    0:01   6.7   0.0   0.0  11.4  38.6   22:45    SE
 2  13.0  13.9   10:54  12.4    3:00   5.3   0.0   0.0  21.1  66.0   19:31    SE
 3  11.5  15.8   13:53   6.4   22:38   6.7   0.0  16.4   5.1  38.6    0:03     S
 4   8.5  10.2   11:27   6.2    2:10   9.6   0.0  10.2   3.2  22.5   22:56   NNE
 5   8.6  10.1   13:29   6.2   23:37   9.5   0.0   0.0  10.3  37.0   17:08   NNE
 6   8.2  11.4   12:24   5.6    4:38   9.8   0.0   0.0   8.5  40.2   13:23   NNE
 7   8.4  12.4   14:25   3.8   23:38   9.7   0.0   0.0   4.7  27.4   12:27   NNE
 8   7.2  12.0   12:38   2.9    1:49  10.8   0.0   0.2   2.3  16.1   13:21   NNE
 9   8.6  14.4   15:13   4.3    4:14   9.4   0.0   0.0   1.9  14.5   12:38   NNE
10  10.3  16.3   14:19   6.6    4:53   7.9   0.0   0.0   5.3  22.5   12:21    SW
11   9.7  16.8   13:15   5.2   20:22   8.6   0.0   2.6   9.7  43.5   10:02     S
12   7.2   9.4   10:02   4.9    0:45  11.1   0.0   2.8  13.5  49.9   20:57   NNE
13   5.7   7.1   16:16   3.9   00:00  12.7   0.0   0.0  18.0  57.9   16:19   NNE
14   6.9  11.1   14:31   2.8    5:04  11.3   0.0   0.0   8.7  41.8   15:43   NNE
15   7.0  11.2   11:23   3.6   23:32  11.2   0.0   2.8   5.8  35.4   10:48   NNE
16   7.0  11.1   13:26   4.2    7:06  11.2   0.0   0.0   3.5  25.7   11:47   NNE
17   7.8  14.4   15:06   3.4    5:58  10.2   0.0   0.0   1.9  19.3   12:20   NNE
18   9.1  15.4   13:52   3.3    6:19   9.1   0.0   0.0   2.1  14.5   12:11   NNE
19   9.1  17.4   14:14   3.3    7:03   8.9   0.0   0.0   1.8  17.7   14:33   NNE
20   8.6  13.1   12:32   4.6    6:41   9.5   0.0   0.0   2.4  27.4   13:10   NNE
21   8.3  12.3   13:43   5.4    5:13   9.7   0.0   0.0   3.1  25.7   12:09   NNE
22   9.8  14.1   14:04   5.6    1:06   9.2   0.0   0.0   6.0  29.0   23:56   NNE
23   4.6  10.6    0:23   0.9    9:42  14.5   0.0   0.4  18.0  57.9   14:15   NNE
24   4.9   7.7   12:38   2.3    4:30  13.7   0.0   0.0   7.9  32.2    0:16   NNE
25   4.0   7.3    9:41   0.6   13:15  17.0   0.0   2.4   5.8  41.8   11:45   NNE
26   8.5  15.0   14:53   2.0    5:08  11.9   0.0   0.0   7.1  29.0   13:00   NNE
27  10.0  12.9   12:37   5.8   22:26   8.9   0.0   0.0   7.9  40.2    9:10   NNE
28  10.3  18.2   16:16   4.7    5:56   8.2   0.0   0.0   2.9  17.7   19:10   WSW
-------------------------------------------------------------------------------------
     8.4  18.2    28     0.6    25   282.6   0.0  37.8   7.1  66.0     2     NNE

Max >=  32.0:  0
Max <=   0.0:  0
Min <=   0.0:  0
Min <= -18.0:  0
Max Rain: 16.41 ON 03/02/19
Days of Rain: 8 (> .2 mm) 6 (> 2 mm) 0 (> 20 mm)
Heat Base:  18.3  Cool Base:  18.3  Method: Integration