Dati Stazione Meteo - Stile NOAA

Seleziona il Report di un Mese o un Anno
2019: Gen Feb Mar Apr Mag Giu Lug Ago Set Ott Nov Dic
2018: Gen Feb Mar Apr Mag Giu Lug Ago Set Ott Nov Dic
2017: Gen Feb Mar Apr Mag Giu Lug Ago Set Ott Nov Dic
2016: Gen Feb Mar Apr Mag Giu Lug Ago Set Ott Nov Dic
2015: Gen Feb Mar Apr Mag Giu Lug Ago Set Ott Nov Dic
2014: Gen Feb Mar Apr Mag Giu Lug Ago Set Ott Nov Dic
2013: Gen Feb Mar Apr Mag Giu Lug Ago Set Ott Nov Dic

Report for 2019 Marzo
                   MONTHLY CLIMATOLOGICAL SUMMARY for MAR. 2019

NAME: Davis Vantage Vue   CITY: Acquaviva delle Fonti   STATE: Italia 
ELEV:   305 m  LAT:  40° 53' 26" N  LONG:  16° 50' 43" E

                   TEMPERATURE (°C), RAIN  (mm), WIND SPEED (km/hr)

                                      HEAT  COOL        AVG
    MEAN                              DEG   DEG         WIND                 DOM
DAY TEMP  HIGH   TIME   LOW    TIME   DAYS  DAYS  RAIN  SPEED HIGH   TIME    DIR
------------------------------------------------------------------------------------
 1  12.4  19.4   15:18   7.5    5:16   5.9   0.0   0.0   4.7  22.5   16:44    SW
 2  10.8  13.9   14:40   8.1   21:45   7.3   0.0   2.4   5.8  32.2   14:11   NNE
 3  10.8  15.8   14:53   6.4   23:47   7.5   0.0   0.0   3.2  22.5   12:58   NNE
 4  12.5  19.9   14:07   6.3    4:22   5.8   0.1   0.0   4.5  24.1   16:07    SW
 5  13.7  19.5   14:52   7.4    5:51   4.6   0.1   0.0   5.1  25.7   12:44    SW
 6  13.3  19.6   12:20   8.3    6:13   4.9   0.1   0.0   5.0  24.1   19:37    SW
 7  13.1  18.1   12:02   9.6    0:32   5.2   0.0   0.0  12.4  38.6   23:16    SE
 8  13.6  18.8   13:50  10.2   23:51   4.7   0.0   0.0  10.1  33.8    4:48     S
 9  13.6  20.8   11:06   8.3    6:18   4.9   0.2   0.0   3.4  19.3   13:39   NNE
10  13.1  19.7   13:51   8.7    6:06   5.3   0.1   0.0   7.4  27.4   16:21    SW
11  14.2  18.6   13:17   9.3   23:49   4.0   0.0   0.0   8.7  41.8   21:52    SW
12   7.5   9.3    0:01   4.3    6:11  10.7   0.0  32.8  17.5  69.2   10:18   NNE
13   8.6  13.4   13:36   3.8    6:23   9.5   0.0   0.0   5.0  24.1    0:29   NNE
14   7.4   9.2   10:13   5.3   22:23  10.7   0.0  10.2   6.1  43.5   15:11   NNE
15  10.5  15.5   13:53   4.6    5:46   7.7   0.0   0.0   3.5  24.1   12:40   NNE
16  13.7  21.3   13:01   7.8    5:03   5.0   0.5   0.0   5.0  20.9   16:44     S
17  12.6  18.7   12:26   8.0    2:49   6.2   0.0   0.0   9.8  33.8   18:36     S
18  13.2  18.3   12:48  10.4    4:05   5.0   0.0   0.0  10.3  32.2    3:04     S
19  10.9  12.7   12:24   9.3   22:22   7.2   0.0   0.0   4.0  19.3   20:34   NNE
20   9.3  11.8   13:56   7.2   23:37   8.9   0.0   4.8   5.5  25.7   14:18   NNE
21   9.9  13.9   12:22   5.8    4:51   8.2   0.0   0.0   7.1  35.4   13:51   NNE
22  11.1  15.6   14:03   6.6    5:44   7.2   0.0   0.0   5.6  29.0   11:44   NNE
23  12.2  16.4   13:36   7.9    0:21   6.1   0.0   0.0   4.5  27.4   11:39   NNE
24  14.9  20.7   15:03  10.0    0:05   3.8   0.4   0.0   2.4  17.7   12:09   NNE
25  16.1  22.4   12:14  10.6    3:47   3.2   0.9   0.0   4.0  17.7   21:22    SW
26  12.6  17.1   12:45   9.2   23:56   5.6   0.0   0.0   7.1  32.2   15:02   NNE
27   9.5  12.1   14:17   7.8    5:13   8.7   0.0   0.8   5.8  22.5   13:16   NNE
28   9.8  13.3   13:24   6.5   22:24   8.3   0.0   0.8   7.7  38.6   14:10   NNE
29  10.3  14.9   13:37   5.9    5:09   8.0   0.0   0.0   8.0  45.1   10:33   NNE
30  11.2  15.8   13:00   7.1    5:39   7.0   0.0   0.0   5.5  32.2   13:11   NNE
31  13.6  19.4   14:35   8.4    3:25   4.5   0.1   0.0   3.4  22.5   14:43   NNE
-------------------------------------------------------------------------------------
    11.8  22.4    25     3.8    13   201.3   2.7  51.8   6.4  69.2    12     NNE

Max >=  32.0:  0
Max <=   0.0:  0
Min <=   0.0:  0
Min <= -18.0:  0
Max Rain: 32.79 ON 12/03/19
Days of Rain: 6 (> .2 mm) 4 (> 2 mm) 1 (> 20 mm)
Heat Base:  18.3  Cool Base:  18.3  Method: Integration