Dati Stazione Meteo - Stile NOAA

Seleziona il Report di un Mese o un Anno
2019: Gen Feb Mar Apr Mag Giu Lug Ago Set Ott Nov Dic
2018: Gen Feb Mar Apr Mag Giu Lug Ago Set Ott Nov Dic
2017: Gen Feb Mar Apr Mag Giu Lug Ago Set Ott Nov Dic
2016: Gen Feb Mar Apr Mag Giu Lug Ago Set Ott Nov Dic
2015: Gen Feb Mar Apr Mag Giu Lug Ago Set Ott Nov Dic
2014: Gen Feb Mar Apr Mag Giu Lug Ago Set Ott Nov Dic
2013: Gen Feb Mar Apr Mag Giu Lug Ago Set Ott Nov Dic

Report for 2019 Aprile
                   MONTHLY CLIMATOLOGICAL SUMMARY for APR. 2019

NAME: Davis Vantage Vue   CITY: Acquaviva delle Fonti   STATE: Italia 
ELEV:   305 m  LAT:  40° 53' 26" N  LONG:  16° 50' 43" E

                   TEMPERATURE (°C), RAIN  (mm), WIND SPEED (km/hr)

                                      HEAT  COOL        AVG
    MEAN                              DEG   DEG         WIND                 DOM
DAY TEMP  HIGH   TIME   LOW    TIME   DAYS  DAYS  RAIN  SPEED HIGH   TIME    DIR
------------------------------------------------------------------------------------
 1  13.8  19.4   14:04   7.4    2:29   4.5   0.1   0.0   3.5  22.5   15:17   NNE
 2  13.9  21.7   13:35   7.0    6:18   4.8   0.5   0.0   4.5  25.7   16:44     S
 3  13.1  18.9   13:09   8.3    6:39   5.2   0.0   0.0   5.1  29.0   17:40     S
 4  12.6  15.9   12:02  10.1    1:29   5.7   0.0   1.4  15.0  56.3   21:57    SE
 5  12.9  16.4   14:35  10.5    1:53   5.3   0.0   6.0  15.0  54.7    1:39    SE
 6  14.1  20.2   14:04  10.6    6:42   4.3   0.1   0.8   2.9  29.0    0:03   NNE
 7  12.2  16.2   13:02  10.0   23:45   6.0   0.0  18.2   2.9  20.9   13:40     S
 8  11.0  14.9   12:50   8.9    4:29   7.3   0.0   5.8   4.2  29.0   14:22   NNE
 9  11.7  14.3   18:03   9.2    5:43   6.5   0.0   1.8   4.5  30.6   10:47   WSW
10  12.8  19.0   13:08   9.7   00:00   5.5   0.0   1.8   2.9  27.4   15:31    SW
11  11.2  15.7   15:39   8.2    2:01   7.1   0.0   0.0   7.6  33.8   15:42     S
12  11.3  17.3   12:00   6.8    6:31   6.8   0.0   2.8   2.3  20.9   15:25   NNE
13  10.0  11.8   15:26   7.7    1:36   8.1   0.0  18.4   1.8  17.7   17:09   NNE
14  11.0  15.8   14:31   8.3    1:32   7.2   0.0   9.0   3.1  20.9   15:07   NNE
15  10.8  14.8   15:52   8.0    7:16   7.5   0.0  31.4   4.7  29.0   16:44   NNE
16  12.9  17.9   13:37   8.4    5:01   5.3   0.0   0.0   4.7  24.1   15:11   NNE
17  13.3  18.7   12:42   8.1   22:56   4.9   0.0   0.0   3.5  33.8   13:44   NNE
18  13.3  17.8   14:46   8.9    5:42   4.9   0.0   0.0   5.3  32.2   12:38   NNE
19  13.9  18.7   15:25   9.1    0:53   4.3   0.0   0.0   4.5  25.7   12:07   NNE
20  14.3  20.1   14:26   9.9    3:23   3.9   0.2   0.0   3.7  25.7   15:50   NNE
21  13.7  19.9   10:22   7.9    5:55   4.8   0.1   0.0   5.3  29.0   18:10    SE
22  13.9  16.3   11:59  12.7    6:15   4.4   0.0   0.0  19.3  61.2   13:07    SE
23  14.7  16.8   15:47  12.7    0:17   3.6   0.0   0.0  18.5  56.3    8:44    SE
24  16.4  21.4   15:16  13.2   23:33   2.4   0.5   0.0  12.6  37.0   13:05    SE
25  17.3  25.3   12:07  13.1    2:05   2.3   1.4   0.0  10.1  32.2   14:50     S
26  17.7  23.3   13:36  13.4    2:20   1.8   1.2   0.0  10.9  29.0    3:23     S
27  16.9  22.6   12:42  10.7   23:41   1.8   0.5   0.2   4.7  30.6   14:30   NNE
28  15.6  21.3   13:32  10.7    0:29   3.2   0.6   0.0   5.6  25.7   18:06    SW
29  12.3  18.8   12:08   7.0    6:07   6.0   0.0   0.0   3.7  25.7   12:39   NNE
30  11.9  17.8   13:47   6.3    5:35   6.3   0.0   3.6   4.0  22.5    9:41    SW
-------------------------------------------------------------------------------------
    13.4  25.3    25     6.3    30   151.8   5.4 101.2   6.5  61.2    22     NNE

Max >=  32.0:  0
Max <=   0.0:  0
Min <=   0.0:  0
Min <= -18.0:  0
Max Rain: 31.39 ON 15/04/19
Days of Rain: 13 (> .2 mm) 8 (> 2 mm) 1 (> 20 mm)
Heat Base:  18.3  Cool Base:  18.3  Method: Integration