Dati Stazione Meteo - Stile NOAA

Seleziona il Report di un Mese o un Anno
2019: Gen Feb Mar Apr Mag Giu Lug Ago Set Ott Nov Dic
2018: Gen Feb Mar Apr Mag Giu Lug Ago Set Ott Nov Dic
2017: Gen Feb Mar Apr Mag Giu Lug Ago Set Ott Nov Dic
2016: Gen Feb Mar Apr Mag Giu Lug Ago Set Ott Nov Dic
2015: Gen Feb Mar Apr Mag Giu Lug Ago Set Ott Nov Dic
2014: Gen Feb Mar Apr Mag Giu Lug Ago Set Ott Nov Dic
2013: Gen Feb Mar Apr Mag Giu Lug Ago Set Ott Nov Dic

Report for 2019 Luglio
                   MONTHLY CLIMATOLOGICAL SUMMARY for JUL. 2019

NAME: Davis Vantage Vue   CITY: Acquaviva delle Fonti   STATE: Italia 
ELEV:   305 m  LAT:  40° 53' 26" N  LONG:  16° 50' 43" E

                   TEMPERATURE (°C), RAIN  (mm), WIND SPEED (km/hr)

                                      HEAT  COOL        AVG
    MEAN                              DEG   DEG         WIND                 DOM
DAY TEMP  HIGH   TIME   LOW    TIME   DAYS  DAYS  RAIN  SPEED HIGH   TIME    DIR
------------------------------------------------------------------------------------
 1  25.7  32.2   13:55  16.8    2:15   0.1   7.5   0.0   3.2  25.7   14:42   NNE
 2  28.1  33.8   15:29  20.9    6:30   0.0   9.9   0.0   3.9  24.1   15:53   NNE
 3  28.9  34.2   12:15  23.2    3:52   0.0  10.6   0.0   5.3  37.0   12:24   NNE
 4  26.4  33.9   12:38  21.3   00:00   0.0   8.1   2.2   2.9  24.1   12:06   NNE
 5  26.4  31.8   13:58  20.1    5:24   0.0   8.1   0.0   4.0  25.7   17:16   NNE
 6  28.3  34.4   14:21  21.3    2:17   0.0  10.0   0.0   4.0  25.7   16:03   NNE
 7  30.1  36.8   13:13  23.4    1:00   0.0  11.7   0.0   5.0  25.7   19:16    SW
 8  29.3  33.2   13:19  25.2    6:21   0.0  11.0   0.0   6.1  27.4   15:05   NNE
 9  28.5  36.1   12:29  24.1    3:14   0.0  10.2   0.2   5.0  38.6   16:50   NNE
10  23.7  34.0   13:44  18.4   21:29   0.0   5.4  33.4   6.4  51.5   18:49   NNE
11  21.4  25.4   14:42  18.3    4:49   0.0   3.2   0.2   7.4  35.4   11:14   NNE
12  22.2  28.8   13:10  17.5    6:25   0.0   3.9   2.0   3.1  22.5   13:28   NNE
13  21.8  29.7   12:05  16.9   16:44   0.0   3.5  48.0   4.2  41.8   16:29    SW
14  21.4  25.0   15:08  17.8   23:33   0.0   3.1   0.0   7.7  37.0   12:52   NNE
15  22.1  26.6   15:59  17.2    3:14   0.1   3.8   0.0   4.2  25.7   16:54   NNE
16  20.2  22.5   12:30  17.0    6:29   0.1   2.1   5.2   5.6  40.2   13:35   NNE
17  22.0  26.5   14:52  16.8   23:57   0.1   3.8   0.0   5.5  29.0   16:05   NNE
18  22.8  29.6   12:11  15.2    5:51   0.6   5.1   0.0   3.4  24.1   14:17    SW
19  23.8  29.3   15:15  17.5    4:50   0.0   5.5   0.0   3.9  25.7   14:25   NNE
20  24.3  30.6   13:19  17.3    1:59   0.1   6.1   0.0   3.1  25.7   14:44   NNE
21  25.9  31.3   14:33  19.8   23:34   0.0   7.6   0.0   3.4  25.7   15:03   NNE
22  26.3  31.7   14:16  19.4    0:37   0.0   8.0   0.0   5.6  32.2   16:17   NNE
23  26.0  30.4   13:58  21.9    5:44   0.0   7.6   0.0   6.6  33.8   18:07   NNE
24  26.6  30.6   14:24  21.8    5:53   0.0   8.3   0.0   5.8  30.6   12:51   NNE
25  27.1  31.8   15:42  22.6    0:24   0.0   8.8   0.0   4.0  22.5   12:45   NNE
26  27.3  34.5   15:25  20.7    4:29   0.0   9.1   0.0   4.3  19.3   17:30    SE
27  27.8  35.3   12:42  21.2    5:27   0.0   9.5   0.0   6.3  41.8   18:47    SE
28  27.1  32.9   12:27  22.6   23:39   0.0   8.7   1.8  10.8  51.5   14:14    SW
29  25.2  30.3   13:19  21.1    5:59   0.0   6.9   0.0   6.3  30.6   16:27   NNE
30  25.1  30.1   15:08  19.1    5:02   0.0   6.9   0.0   4.8  27.4   15:49   NNE
31  26.5  31.4   16:41  20.7    5:15   0.0   8.2   0.0   5.0  29.0   12:44   NNE
-------------------------------------------------------------------------------------
    25.4  36.8     7    15.2    18     1.1 221.9  93.0   5.1  51.5    10     NNE

Max >=  32.0: 12
Max <=   0.0:  0
Min <=   0.0:  0
Min <= -18.0:  0
Max Rain: 48.01 ON 13/07/19
Days of Rain: 8 (> .2 mm) 5 (> 2 mm) 2 (> 20 mm)
Heat Base:  18.3  Cool Base:  18.3  Method: Integration