Dati Stazione Meteo - Stile NOAA

Seleziona il Report di un Mese o un Anno
2019: Gen Feb Mar Apr Mag Giu Lug Ago Set Ott Nov Dic
2018: Gen Feb Mar Apr Mag Giu Lug Ago Set Ott Nov Dic
2017: Gen Feb Mar Apr Mag Giu Lug Ago Set Ott Nov Dic
2016: Gen Feb Mar Apr Mag Giu Lug Ago Set Ott Nov Dic
2015: Gen Feb Mar Apr Mag Giu Lug Ago Set Ott Nov Dic
2014: Gen Feb Mar Apr Mag Giu Lug Ago Set Ott Nov Dic
2013: Gen Feb Mar Apr Mag Giu Lug Ago Set Ott Nov Dic

Report for 2019 Agosto
                   MONTHLY CLIMATOLOGICAL SUMMARY for AUG. 2019

NAME: Davis Vantage Vue   CITY: Acquaviva delle Fonti   STATE: Italia 
ELEV:   305 m  LAT:  40° 53' 26" N  LONG:  16° 50' 43" E

                   TEMPERATURE (°C), RAIN  (mm), WIND SPEED (km/hr)

                                      HEAT  COOL        AVG
    MEAN                              DEG   DEG         WIND                 DOM
DAY TEMP  HIGH   TIME   LOW    TIME   DAYS  DAYS  RAIN  SPEED HIGH   TIME    DIR
------------------------------------------------------------------------------------
 1  27.4  32.8   14:06  22.4    5:46   0.0   9.1   0.0   4.5  25.7   14:19   NNE
 2  27.9  35.6   12:52  20.3    5:59   0.0   9.6   0.0   4.3  22.5   14:51    SW
 3  25.6  28.6   15:51  21.4    5:21   0.0   7.2   0.0   6.6  32.2   16:54   NNE
 4  24.3  28.7   15:13  20.1    4:41   0.0   6.0   0.0   6.6  35.4   16:40   NNE
 5  24.4  29.7   14:45  19.2    2:00   0.0   6.1   0.0   4.8  29.0   14:07   NNE
 6  26.8  33.4   14:05  19.5    5:57   0.0   8.5   0.0   3.7  27.4   15:09    SW
 7  28.0  34.8   13:08  22.1    6:16   0.0   9.7   0.0   6.6  32.2   18:10     S
 8  27.3  34.0   15:36  22.4    2:41   0.0   9.0   0.0   7.9  30.6   18:21     S
 9  26.3  30.7   14:24  23.2    1:01   0.0   8.0   0.0   5.6  27.4   15:25   NNE
10  27.8  33.9   14:24  21.7    5:35   0.0   9.5   0.0   4.2  24.1   13:14   NNE
11  28.7  33.9   13:35  23.4    0:34   0.0  10.4   0.0   4.8  25.7   12:19   NNE
12  29.4  35.4   13:55  24.0    5:04   0.0  11.1   0.0   3.5  22.5   15:30   NNE
13  29.0  35.4   13:51  21.7    6:00   0.0  10.7   0.0   3.7  25.7   12:04   NNE
14  26.5  32.2   10:06  22.6    2:17   0.0   8.3   2.2   5.5  27.4   19:00   NNE
15  23.7  27.4   12:58  20.0   23:52   0.0   5.5   0.0   7.2  33.8   15:02   NNE
16  23.1  28.2   13:41  16.0    6:11   0.2   5.0   0.0   5.0  30.6   13:48   NNE
17  23.7  28.1   13:08  18.3   00:00   0.0   5.4   0.0   5.5  33.8   13:16   NNE
18  24.3  30.4   15:19  17.0    1:13   0.1   6.2   0.0   3.7  25.7   15:46   NNE
19  26.3  32.7   13:11  19.2    6:05   0.0   8.0   0.0   3.7  29.0   13:38   NNE
20  27.2  33.1   13:22  20.8    3:37   0.0   9.1   0.0   3.5  29.0   15:48   NNE
21  27.6  34.8   13:23  20.9    6:06   0.0   9.4   0.0   2.9  27.4   14:31   NNE
22  26.7  31.6   15:23  21.4    1:48   0.0   8.3   0.0   3.4  20.9   12:30   NNE
23  25.5  30.3   14:16  22.2    5:59   0.0   7.2   0.0   4.8  25.7   16:11   NNE
24  24.9  29.0   13:36  20.9    5:50   0.0   6.6   0.0   3.9  25.7   15:24   NNE
25  25.0  30.3   13:47  21.4    6:05   0.0   6.7   0.0   3.5  25.7   14:20   NNE
26  25.1  30.0   13:06  20.6    6:21   0.0   6.8   0.0   3.5  24.1   15:11   NNE
27  25.4  30.8   14:14  19.7    6:30   0.0   7.1   0.0   3.9  25.7   12:35   NNE
28  26.1  32.4   12:31  19.2    3:23   0.0   8.2   0.0   3.1  25.7   14:59   NNE
29  25.3  31.3   12:34  20.6    4:54   0.0   7.0   0.0   3.1  25.7   13:48   NNE
30  26.3  31.0   12:06  21.7    5:07   0.0   8.0   0.0   3.9  27.4   14:19   NNE
31  25.9  30.7   13:42  22.8   23:59   0.0   7.6   0.0   3.1  20.9   10:25   NNE
-------------------------------------------------------------------------------------
    26.2  35.6     2    16.0    16     0.2 245.4   2.2   4.5  35.4     4     NNE

Max >=  32.0: 14
Max <=   0.0:  0
Min <=   0.0:  0
Min <= -18.0:  0
Max Rain: 2.21 ON 14/08/19
Days of Rain: 1 (> .2 mm) 1 (> 2 mm) 0 (> 20 mm)
Heat Base:  18.3  Cool Base:  18.3  Method: Integration