Dati Stazione Meteo - Stile NOAA

Seleziona il Report di un Mese o un Anno
2020: Gen Feb Mar Apr Mag Giu Lug Ago Set Ott Nov Dic
2019: Gen Feb Mar Apr Mag Giu Lug Ago Set Ott Nov Dic
2018: Gen Feb Mar Apr Mag Giu Lug Ago Set Ott Nov Dic
2017: Gen Feb Mar Apr Mag Giu Lug Ago Set Ott Nov Dic
2016: Gen Feb Mar Apr Mag Giu Lug Ago Set Ott Nov Dic
2015: Gen Feb Mar Apr Mag Giu Lug Ago Set Ott Nov Dic
2014: Gen Feb Mar Apr Mag Giu Lug Ago Set Ott Nov Dic
2013: Gen Feb Mar Apr Mag Giu Lug Ago Set Ott Nov Dic

Report for 2019 Settembre
                   MONTHLY CLIMATOLOGICAL SUMMARY for SEP. 2019

NAME: Davis Vantage Vue   CITY: Acquaviva delle Fonti   STATE: Italia 
ELEV:   305 m  LAT:  40° 53' 26" N  LONG:  16° 50' 43" E

                   TEMPERATURE (°C), RAIN  (mm), WIND SPEED (km/hr)

                                      HEAT  COOL        AVG
    MEAN                              DEG   DEG         WIND                 DOM
DAY TEMP  HIGH   TIME   LOW    TIME   DAYS  DAYS  RAIN  SPEED HIGH   TIME    DIR
------------------------------------------------------------------------------------
 1  24.1  31.8   13:25  20.1    2:56   0.0   5.8   4.6   1.8  22.5   13:59   NNE
 2  22.9  28.3   14:35  19.7   23:45   0.0   4.6  11.2   1.1  30.6   15:56    NE
 3  22.4  27.6   11:46  19.4    5:05   0.0   4.1   0.0   3.4  32.2   13:08   NNE
 4  22.3  26.4   14:57  19.0    6:26   0.0   4.0   0.0   6.3  29.0   12:34   NNE
 5  22.5  28.7   13:01  18.1    6:15   0.0   4.3   0.0   3.1  22.5   12:17   NNE
 6  24.1  31.5   13:35  17.4    6:27   0.0   5.9   0.0   4.0  22.5   13:47     S
 7  22.7  28.0   12:04  18.8    6:38   0.0   4.4   2.2   2.3  24.1   13:32   NNE
 8  23.1  29.9   14:44  18.2    6:54   0.0   4.7   0.0   4.3  27.4   17:52   WSW
 9  22.1  28.1   16:23  16.4    6:04   0.1   3.9   0.0   4.2  22.5   11:48    SW
10  21.4  26.1   13:04  17.2    6:45   0.2   3.2   0.0   4.0  25.7   16:28   NNE
11  21.6  25.4   14:04  18.5    0:25   0.0   3.2   0.0   4.7  30.6   12:18   NNE
12  22.1  27.0   13:28  17.7    6:08   0.1   3.8   0.0   5.1  29.0   12:38   NNE
13  22.3  26.4   13:13  18.9    5:49   0.0   4.0   0.0   7.2  37.0   13:35   NNE
14  21.7  26.4   14:19  17.7    5:52   0.0   3.4   0.0   5.8  30.6   15:28   NNE
15  21.9  26.8   12:53  18.0   23:40   0.0   3.6   0.0   3.7  22.5   16:11   NNE
16  21.6  27.5   14:30  14.9    6:51   0.4   3.7   0.0   2.6  24.1   15:03   NNE
17  23.4  32.1   14:40  16.9    6:13   0.1   5.2   0.0   2.4  24.1   16:32   NNE
18  24.0  30.8   13:17  17.6    7:11   0.0   5.7   0.0   3.1  22.5   15:14    SE
19  20.6  25.8   11:03  18.7    3:39   0.0   2.3   0.2   3.5  40.2   11:31   NNE
20  18.2  21.5   13:58  13.3   23:59   0.9   0.8   0.8   6.8  32.2   11:47   NNE
21  17.4  22.6   14:56  13.2    0:39   2.1   1.2   0.0   3.7  20.9   11:34   NNE
22  19.6  26.2   14:49  12.8    2:39   1.6   2.8   0.0   7.1  27.4    9:24     S
23  23.8  30.3   13:45  20.2    7:43   0.0   5.5   2.4   6.6  25.7    6:37     S
24  21.3  25.4   15:36  17.4   23:00   0.1   3.1   0.0   5.1  29.0   13:19   NNE
25  21.0  27.4   13:23  15.6    2:36   0.5   3.1   0.0   3.7  20.9   14:35    SW
26  21.4  25.4   13:15  18.0   23:38   0.0   3.2   0.0   3.7  20.9   11:42    SW
27  20.2  25.9   15:08  15.8    5:24   0.5   2.3   0.2   2.7  20.9   16:07   NNE
28  22.7  30.0   13:12  15.8    6:44   0.2   4.7   0.0   3.2  19.3   13:35     S
29  22.2  28.3   13:30  17.2    4:48   0.1   4.0   0.0   2.4  20.9   15:05   NNE
30  22.4  28.2   12:35  17.6   23:14   0.0   4.1   0.0   3.7  19.3   13:13    SW
-------------------------------------------------------------------------------------
    21.9  32.1    17    12.8    22     6.8 115.0  21.6   4.0  40.2    19     NNE

Max >=  32.0:  1
Max <=   0.0:  0
Min <=   0.0:  0
Min <= -18.0:  0
Max Rain: 11.20 ON 02/09/19
Days of Rain: 7 (> .2 mm) 4 (> 2 mm) 0 (> 20 mm)
Heat Base:  18.3  Cool Base:  18.3  Method: Integration