Dati Stazione Meteo - Stile NOAA

Seleziona il Report di un Mese o un Anno
2020: Gen Feb Mar Apr Mag Giu Lug Ago Set Ott Nov Dic
2019: Gen Feb Mar Apr Mag Giu Lug Ago Set Ott Nov Dic
2018: Gen Feb Mar Apr Mag Giu Lug Ago Set Ott Nov Dic
2017: Gen Feb Mar Apr Mag Giu Lug Ago Set Ott Nov Dic
2016: Gen Feb Mar Apr Mag Giu Lug Ago Set Ott Nov Dic
2015: Gen Feb Mar Apr Mag Giu Lug Ago Set Ott Nov Dic
2014: Gen Feb Mar Apr Mag Giu Lug Ago Set Ott Nov Dic
2013: Gen Feb Mar Apr Mag Giu Lug Ago Set Ott Nov Dic

Report for 2019 Novembre
                   MONTHLY CLIMATOLOGICAL SUMMARY for NOV. 2019

NAME: Davis Vantage Vue   CITY: Acquaviva delle Fonti   STATE: Italia 
ELEV:   305 m  LAT:  40° 53' 26" N  LONG:  16° 50' 43" E

                   TEMPERATURE (°C), RAIN  (mm), WIND SPEED (km/hr)

                                      HEAT  COOL        AVG
    MEAN                              DEG   DEG         WIND                 DOM
DAY TEMP  HIGH   TIME   LOW    TIME   DAYS  DAYS  RAIN  SPEED HIGH   TIME    DIR
------------------------------------------------------------------------------------
 1  15.5  19.7   11:16  13.2   23:35   2.9   0.1   7.4   1.0  12.9   13:05   NNE
 2  17.4  21.6   14:31  13.7    1:14   1.5   0.6   0.0   7.2  29.0   10:37     S
 3  19.2  23.2   13:41  15.1    1:18   0.5   1.4   0.0  11.9  46.7   11:24     S
 4  17.6  21.5   13:11  14.0   20:12   1.3   0.6   1.4   8.7  40.2    3:44    SW
 5  18.6  23.4   12:11  13.3    3:56   1.1   1.5   0.0  11.1  40.2   11:56     S
 6  17.3  20.1    0:01  13.4   23:17   1.4   0.5   0.8   5.6  27.4    3:16   SSW
 7  14.6  19.0   10:46  11.6   23:54   3.7   0.0   0.4   1.8  19.3   14:15   NNE
 8  14.5  19.9   12:27   8.8    6:28   3.9   0.1   0.0   5.1  27.4   14:52     S
 9  14.3  20.4   14:50  10.3   23:59   4.2   0.2  23.2   4.7  29.0   12:18     S
10  12.4  18.6   14:10   7.7    4:20   5.8   0.0   0.2   3.4  19.3   11:28     S
11  14.0  18.9   12:06   9.0    6:56   4.4   0.0   0.6   4.8  29.0   13:16    SE
12  15.2  17.6    8:44  12.7   20:48   3.1   0.0  31.8  16.4  62.8   13:44    SE
13  14.9  19.2   12:36   9.8   23:06   3.4   0.0   0.0  10.1  66.0    1:58     S
14  12.3  18.5   13:19   7.3    5:30   6.0   0.0   0.0   2.6  17.7   11:53     S
15  14.6  17.4   15:35  10.2    1:58   3.7   0.0   0.0   9.8  43.5   19:27    SE
16  17.2  18.7   11:28  16.2    3:50   1.1   0.0   0.0  14.5  48.3   11:57    SE
17  15.4  19.7   12:12  10.2   21:30   3.0   0.2  17.0  14.5  59.5   15:44    SE
18  12.6  17.6   12:33   7.6    6:51   5.8   0.0   0.0   3.7  24.1    2:02    SE
19  13.2  16.9   13:09  10.8    7:14   5.1   0.0   1.8   2.1  22.5   11:47    SE
20  12.2  17.0   13:54   8.9   22:27   6.2   0.0   3.6   5.3  30.6   10:28     S
21  11.4  17.2   13:53   6.6    6:44   6.9   0.0   0.0   2.4  24.1   10:07     S
22  11.8  16.8   14:55   7.0    4:57   6.5   0.0   0.0   3.7  19.3   13:10     S
23  13.9  17.6   13:34   9.8    3:24   4.5   0.0   0.2   9.8  46.7   21:21    SE
24  14.1  16.6   14:03  11.7   23:33   4.2   0.0  37.0   7.7  43.5   14:30    SE
25  12.1  13.2   10:32  11.3    2:19   6.4   0.0   5.2   1.8  19.3   12:27   NNE
26  12.8  17.2   12:50   9.1   22:39   5.5   0.0   2.8   1.1  12.9   13:25   NNE
27  13.1  17.9   13:18   8.7    5:32   5.2   0.0   0.2   4.0  27.4   14:06     S
28  14.2  17.5   11:00  11.8    6:59   4.1   0.0   1.4   6.9  33.8   21:12     S
29  14.2  18.6   12:13  11.7   23:44   4.2   0.0   0.0   5.6  25.7   20:24    SW
30  12.5  16.1   14:02   9.1   23:13   5.9   0.0   1.0   3.1  20.9   12:52   NNE
-------------------------------------------------------------------------------------
    14.4  23.4     5     6.6    21   121.7   5.3 136.0   6.4  66.0    13       S

Max >=  32.0:  0
Max <=   0.0:  0
Min <=   0.0:  0
Min <= -18.0:  0
Max Rain: 37.01 ON 24/11/19
Days of Rain: 18 (> .2 mm) 8 (> 2 mm) 3 (> 20 mm)
Heat Base:  18.3  Cool Base:  18.3  Method: Integration