Dati Stazione Meteo - Stile NOAA

Seleziona il Report di un Mese o un Anno
2020: Gen Feb Mar Apr Mag Giu Lug Ago Set Ott Nov Dic
2019: Gen Feb Mar Apr Mag Giu Lug Ago Set Ott Nov Dic
2018: Gen Feb Mar Apr Mag Giu Lug Ago Set Ott Nov Dic
2017: Gen Feb Mar Apr Mag Giu Lug Ago Set Ott Nov Dic
2016: Gen Feb Mar Apr Mag Giu Lug Ago Set Ott Nov Dic
2015: Gen Feb Mar Apr Mag Giu Lug Ago Set Ott Nov Dic
2014: Gen Feb Mar Apr Mag Giu Lug Ago Set Ott Nov Dic
2013: Gen Feb Mar Apr Mag Giu Lug Ago Set Ott Nov Dic

Report for 2019 Dicembre
                   MONTHLY CLIMATOLOGICAL SUMMARY for DEC. 2019

NAME: Davis Vantage Vue   CITY: Acquaviva delle Fonti   STATE: Italia 
ELEV:   305 m  LAT:  40° 53' 26" N  LONG:  16° 50' 43" E

                   TEMPERATURE (°C), RAIN  (mm), WIND SPEED (km/hr)

                                      HEAT  COOL        AVG
    MEAN                              DEG   DEG         WIND                 DOM
DAY TEMP  HIGH   TIME   LOW    TIME   DAYS  DAYS  RAIN  SPEED HIGH   TIME    DIR
------------------------------------------------------------------------------------
 1  10.7  15.9   12:21   5.7    6:52   7.6   0.0   0.2   3.7  19.3   13:49    SE
 2  13.1  17.0   14:22  10.3    0:01   5.2   0.0   0.0   7.9  35.4   12:36     S
 3  11.6  14.9    9:55   7.6   23:58   6.8   0.0   0.0   4.7  22.5   15:23   NNE
 4   7.8  10.3   12:31   4.5   22:35  10.5   0.0   0.0   4.0  25.7   13:38   NNE
 5   8.2  10.3   21:01   3.4    1:14  10.2   0.0   0.6   0.6   8.0    3:44   WSW
 6  11.6  13.3   13:06   9.8   23:53   6.8   0.0   1.6   0.2   8.0   21:55   NNE
 7  12.4  16.7   12:01   9.4    1:06   5.9   0.0   0.2   1.9  22.5   11:37    SW
 8  12.2  16.9   12:00   9.2    6:24   6.1   0.0   0.0   1.9  17.7   23:09     S
 9  11.4  15.1   14:30   9.7    6:11   6.8   0.0   0.4   5.5  22.5   11:56     S
10  10.4  13.0   10:40   8.2    5:57   7.8   0.0   8.6   4.7  30.6   22:57   NNE
11   8.5  10.6    1:28   7.1   22:28   9.8   0.0  12.6   5.8  29.0    8:32   NNE
12   9.1  13.4   11:45   6.5    5:46   9.3   0.0   0.4   2.6  17.7   12:30     S
13   9.3  13.3   12:02   5.7    7:06   9.1   0.0   5.0   9.0  43.5   19:41    SW
14   9.2  12.7   14:11   5.8    7:15   9.2   0.0   1.2   6.3  41.8   12:21   WSW
15  11.3  18.4   14:59   5.6    3:47   7.0   0.0   0.0   4.7  25.7   11:59     S
16  13.1  15.3   14:56  11.2    7:22   5.2   0.0   0.2   8.0  33.8   14:00     S
17  14.1  15.7   11:22  12.6    3:39   4.2   0.0   0.0  14.0  49.9   21:45    SE
18  14.8  15.8   13:09  14.2    5:15   3.5   0.0   0.0  12.1  48.3    1:59    SE
19  15.0  16.1   13:09  14.4    1:00   3.3   0.0   0.2  12.2  43.5   15:59    SE
20  14.2  18.3   14:13  12.1    4:33   4.1   0.0   0.0   7.7  25.7    0:10     S
21  13.9  16.2   13:54  12.4    2:41   4.4   0.0   0.0  11.1  45.1   14:37     S
22  13.6  16.6    8:55  10.1   10:21   4.7   0.0   7.2  12.4  54.7    9:27    SW
23  10.1  14.3   10:57   7.1    7:14   8.3   0.0   1.8   6.4  38.6   20:19   WSW
24  10.0  13.6   12:44   5.9   23:46   8.3   0.0   0.8   6.6  35.4   10:47   NNE
25   9.4  14.1   13:47   5.4   23:23   8.9   0.0   0.0   2.6  24.1   14:40   WSW
26   8.8  12.9   13:06   5.5    1:24   9.5   0.0   0.0   3.9  30.6   12:35   NNE
27   7.7  11.3   13:26   5.1    7:13  10.6   0.0   0.0   3.1  25.7   11:56   NNE
28   5.6   7.8   13:05   2.8   16:08  12.9   0.0  10.0   8.9  49.9   13:06   NNE
29   5.2   6.9   10:23   3.0    4:47  13.1   0.0   2.6  11.1  40.2    3:06    NE
30   4.9   6.7   15:06   2.2   23:59  13.5   0.0   0.2   9.5  45.1   12:36   NNE
31   5.8   9.7   14:03   2.2    0:01  12.5   0.0   0.0   3.9  27.4   13:17   NNE
-------------------------------------------------------------------------------------
    10.4  18.4    15     2.2    30   244.9   0.0  53.8   6.3  54.7    22     NNE

Max >=  32.0:  0
Max <=   0.0:  0
Min <=   0.0:  0
Min <= -18.0:  0
Max Rain: 12.60 ON 11/12/19
Days of Rain: 18 (> .2 mm) 6 (> 2 mm) 0 (> 20 mm)
Heat Base:  18.3  Cool Base:  18.3  Method: Integration