Dati Stazione Meteo - Stile NOAA

Seleziona il Report di un Mese o un Anno
2020: Gen Feb Mar Apr Mag Giu Lug Ago Set Ott Nov Dic
2019: Gen Feb Mar Apr Mag Giu Lug Ago Set Ott Nov Dic
2018: Gen Feb Mar Apr Mag Giu Lug Ago Set Ott Nov Dic
2017: Gen Feb Mar Apr Mag Giu Lug Ago Set Ott Nov Dic
2016: Gen Feb Mar Apr Mag Giu Lug Ago Set Ott Nov Dic
2015: Gen Feb Mar Apr Mag Giu Lug Ago Set Ott Nov Dic
2014: Gen Feb Mar Apr Mag Giu Lug Ago Set Ott Nov Dic
2013: Gen Feb Mar Apr Mag Giu Lug Ago Set Ott Nov Dic

Report for 2020 Febbraio
                   MONTHLY CLIMATOLOGICAL SUMMARY for FEB. 2020

NAME: Davis Vantage Vue   CITY: Acquaviva delle Fonti   STATE: Italia 
ELEV:   305 m  LAT:  40° 53' 26" N  LONG:  16° 50' 43" E

                   TEMPERATURE (°C), RAIN  (mm), WIND SPEED (km/hr)

                                      HEAT  COOL        AVG
    MEAN                              DEG   DEG         WIND                 DOM
DAY TEMP  HIGH   TIME   LOW    TIME   DAYS  DAYS  RAIN  SPEED HIGH   TIME    DIR
------------------------------------------------------------------------------------
 1  12.1  17.8   13:24   6.8    7:03   6.2   0.0   0.0   1.9  16.1   14:29    SW
 2  13.3  18.4   13:29   8.7   00:00   5.0   0.0   0.0   2.6  20.9   14:26    SW
 3  13.2  20.1   15:42   8.4   23:58   5.2   0.1   0.0   3.7  20.9   10:03    SW
 4  11.9  19.1   14:22   5.9   23:46   6.4   0.0   5.4   9.7  49.9   14:55     S
 5   6.8   8.2   11:00   4.9    0:38  11.5   0.0   3.2  18.3  57.9    6:59   NNE
 6   5.4   7.2    0:09   2.9   22:29  12.9   0.0   0.0  13.0  51.5    2:26   NNE
 7   6.8  11.2   14:23   2.8    4:39  11.5   0.0   0.0   6.3  32.2   13:04   NNE
 8   7.6  13.4   14:10   4.2   20:34  10.7   0.0   0.0   1.9  16.1   16:26   NNE
 9   8.8  15.5   13:49   4.6    5:52   9.7   0.0   0.0   5.3  19.3   21:25     S
10  11.2  15.9   14:18   5.2    3:31   7.4   0.0   0.0   6.8  35.4   19:27    SW
11  15.8  22.2   13:19  11.4    4:43   3.0   0.5   0.0   9.5  40.2    9:31    SW
12  13.0  17.3   13:06   6.6   23:04   5.3   0.0   0.0   3.9  25.7   15:49   NNE
13  10.2  16.2   13:12   4.3    6:32   8.4   0.0   0.0   5.3  32.2   14:07     S
14   9.6  13.5   12:01   8.0   14:30   8.7   0.0  15.0   7.2  38.6   13:47   NNE
15   9.4  12.8   12:47   5.9   23:59   9.0   0.0   0.0   6.3  37.0   12:57   NNE
16   8.9  15.3   13:50   4.9    6:42   9.4   0.0   0.0   2.1  17.7   14:36   WSW
17  10.3  17.7   12:56   3.7    5:59   8.0   0.0   0.2   2.1  16.1   14:18   SSW
18  10.4  15.7   13:29   5.4    5:30   7.9   0.0   0.0   3.2  24.1   10:57    SW
19  10.9  15.7   11:05   7.2   23:55   7.4   0.0   5.6   2.9  35.4   21:24   NNE
20   8.0  11.3   14:03   5.3   21:18  10.3   0.0   0.2   8.4  37.0   13:58   NNE
21   8.3  13.6   12:31   4.1    6:43  10.3   0.0   0.0   3.7  25.7   13:37   NNE
22   7.6  10.6   12:53   4.8   23:18  10.7   0.0   0.0   6.3  33.8   10:55   NNE
23  11.3  18.8   13:18   3.7    0:39   7.0   0.0   0.0   2.9  14.5    9:54   WSW
24  12.2  18.0   12:33   7.0    6:33   6.1   0.0   0.0   3.1  22.5   11:43   NNE
25  13.1  20.9   13:39   8.2    5:20   5.5   0.3   0.0   7.7  32.2   18:26     S
26  12.9  18.8   13:53   9.4    5:51   5.6   0.0   0.0  10.3  67.6   22:19     S
27   7.5  10.9   15:14   4.3   19:50  11.0   0.0   0.0  10.0  49.9    1:44    SW
28   9.0  12.4   13:46   6.0    0:01   9.3   0.0   1.8   7.9  35.4   12:59   NNE
29   8.8  15.4   14:20   2.5    6:26   9.4   0.0   0.0   4.3  25.7   18:45     S
-------------------------------------------------------------------------------------
    10.2  22.2    11     2.5    29   238.7   1.0  31.4   6.1  67.6    26     NNE

Max >=  32.0:  0
Max <=   0.0:  0
Min <=   0.0:  0
Min <= -18.0:  0
Max Rain: 15.01 ON 14/02/20
Days of Rain: 7 (> .2 mm) 4 (> 2 mm) 0 (> 20 mm)
Heat Base:  18.3  Cool Base:  18.3  Method: Integration