Dati Stazione Meteo - Stile NOAA

Seleziona il Report di un Mese o un Anno
2020: Gen Feb Mar Apr Mag Giu Lug Ago Set Ott Nov Dic
2019: Gen Feb Mar Apr Mag Giu Lug Ago Set Ott Nov Dic
2018: Gen Feb Mar Apr Mag Giu Lug Ago Set Ott Nov Dic
2017: Gen Feb Mar Apr Mag Giu Lug Ago Set Ott Nov Dic
2016: Gen Feb Mar Apr Mag Giu Lug Ago Set Ott Nov Dic
2015: Gen Feb Mar Apr Mag Giu Lug Ago Set Ott Nov Dic
2014: Gen Feb Mar Apr Mag Giu Lug Ago Set Ott Nov Dic
2013: Gen Feb Mar Apr Mag Giu Lug Ago Set Ott Nov Dic

Report for 2020 Marzo
                   MONTHLY CLIMATOLOGICAL SUMMARY for MAR. 2020

NAME: Davis Vantage Vue   CITY: Acquaviva delle Fonti   STATE: Italia 
ELEV:   305 m  LAT:  40° 53' 26" N  LONG:  16° 50' 43" E

                   TEMPERATURE (°C), RAIN  (mm), WIND SPEED (km/hr)

                                      HEAT  COOL        AVG
    MEAN                              DEG   DEG         WIND                 DOM
DAY TEMP  HIGH   TIME   LOW    TIME   DAYS  DAYS  RAIN  SPEED HIGH   TIME    DIR
------------------------------------------------------------------------------------
 1  11.6  16.5   12:29   6.5    3:37   6.7   0.0   0.0  11.3  45.1   11:33     S
 2  14.0  19.8   12:30   9.8    5:26   4.4   0.1   0.0   9.8  45.1   16:46    SE
 3  12.7  15.3   10:15   8.7   00:00   5.6   0.0   2.6   8.0  37.0    3:39     S
 4   8.9  14.2   10:39   3.7    4:31   9.4   0.0   0.0   3.4  29.0   15:14    SW
 5   9.5  13.6   14:26   6.7    6:08   8.8   0.0   0.0   5.3  24.1    8:53   NNE
 6  11.5  17.1   13:09   8.0   23:05   6.8   0.0   1.2  10.5  43.5   11:22     S
 7   9.3  13.9   10:43   5.7    4:44   9.0   0.0   0.2   2.6  20.9   12:24    SW
 8   8.3  10.7   15:18   5.3   23:51  10.0   0.0   7.0   5.8  32.2   13:47   NNE
 9   7.8  13.2   13:21   3.9   21:16  10.5   0.0   0.0   3.5  22.5   11:06   WSW
10   8.9  13.6   13:06   4.7    3:37   9.5   0.0   0.0   4.5  29.0   14:17   NNE
11  10.7  16.0   14:40   6.1    3:15   7.6   0.0   0.0   3.5  20.9   11:43   WSW
12  16.2  25.2   15:26   7.1    0:01   3.9   1.8   0.0   3.2  19.3   13:24    SW
13  15.1  20.4   15:05   8.4    6:23   3.6   0.3   0.0   2.4  17.7   11:15   NNE
14  14.2  20.1   12:25  10.3    5:12   4.3   0.1   0.2   2.6  25.7   13:06   NNE
15  11.2  14.1   14:24   7.1   23:28   7.4   0.0   0.0   7.2  35.4    8:26   NNE
16  10.0  15.1   13:32   4.8   23:18   8.3   0.0   0.0   4.5  30.6   11:04   NNE
17   9.9  16.6   11:09   3.4    6:07   8.4   0.0   0.0   2.9  22.5   12:02    SW
18  10.4  15.5   15:15   5.6    6:20   7.8   0.0   0.0   4.5  25.7   10:53   NNE
19  12.2  17.8   12:48   7.7    0:32   6.2   0.0   0.0   2.6  17.7   13:19   NNE
20  12.9  20.6   12:34   5.0    4:32   5.6   0.2   0.0   3.1  24.1   13:08     S
21  11.4  17.4   11:42   4.7    6:08   6.9   0.0   0.0   7.9  33.8   15:56     S
22  12.5  17.1   13:13   9.3    6:20   5.9   0.0   0.0   3.7  27.4   23:28   NNE
23   6.8  11.0    0:01   2.4   23:17  11.5   0.0   0.8  11.1  43.5   10:07   NNE
24   2.7   6.6   15:06  -0.7   22:59  15.6   0.0   0.0   5.8  32.2    9:35   WSW
25   3.2   7.9   00:00  -2.6    3:54  15.6   0.0  14.6   2.3  19.3   14:07    NE
26   9.4  11.9   12:32   7.6    3:46   9.0   0.0  30.2   7.7  37.0   20:10    NE
27  10.2  13.9   11:06   7.7    6:04   8.4   0.0   0.2   3.7  29.0    1:42    NE
28   9.2  14.4   11:12   3.7    5:28   9.0   0.0   0.0   2.6  22.5   12:13   NNE
29  11.0  15.8   15:11   6.2    0:20   7.0   0.0   0.0   2.7  17.7   11:04   NNE
30  11.3  16.7   14:49   6.2    1:46   7.0   0.0   0.0   2.9  24.1   16:03   NNE
31   9.9  14.6   12:09   5.4   23:26   8.5   0.0   0.8   5.8  35.4   15:19   NNE
-------------------------------------------------------------------------------------
    10.4  25.2    12    -2.6    25   248.0   2.5  57.8   5.1  45.1     1     NNE

Max >=  32.0:  0
Max <=   0.0:  0
Min <=   0.0:  2
Min <= -18.0:  0
Max Rain: 30.20 ON 26/03/20
Days of Rain: 10 (> .2 mm) 4 (> 2 mm) 1 (> 20 mm)
Heat Base:  18.3  Cool Base:  18.3  Method: Integration