Dati Stazione Meteo - Stile NOAA

Seleziona il Report di un Mese o un Anno
2020: Gen Feb Mar Apr Mag Giu Lug Ago Set Ott Nov Dic
2019: Gen Feb Mar Apr Mag Giu Lug Ago Set Ott Nov Dic
2018: Gen Feb Mar Apr Mag Giu Lug Ago Set Ott Nov Dic
2017: Gen Feb Mar Apr Mag Giu Lug Ago Set Ott Nov Dic
2016: Gen Feb Mar Apr Mag Giu Lug Ago Set Ott Nov Dic
2015: Gen Feb Mar Apr Mag Giu Lug Ago Set Ott Nov Dic
2014: Gen Feb Mar Apr Mag Giu Lug Ago Set Ott Nov Dic
2013: Gen Feb Mar Apr Mag Giu Lug Ago Set Ott Nov Dic

Report for 2020 Aprile
                   MONTHLY CLIMATOLOGICAL SUMMARY for APR. 2020

NAME: Davis Vantage Vue   CITY: Acquaviva delle Fonti   STATE: Italia 
ELEV:   305 m  LAT:  40° 53' 26" N  LONG:  16° 50' 43" E

                   TEMPERATURE (°C), RAIN  (mm), WIND SPEED (km/hr)

                                      HEAT  COOL        AVG
    MEAN                              DEG   DEG         WIND                 DOM
DAY TEMP  HIGH   TIME   LOW    TIME   DAYS  DAYS  RAIN  SPEED HIGH   TIME    DIR
------------------------------------------------------------------------------------
 1   4.9   8.6   16:48   0.9    4:52  13.4   0.0   9.8   7.2  32.2   11:51   NNE
 2   6.8  11.5   13:36   2.9    5:55  11.4   0.0   0.0   3.5  24.1   17:02   NNE
 3   8.1  13.1   13:09   3.2    6:04  10.2   0.0   0.0   3.4  25.7   14:58   NNE
 4  11.1  15.3   13:39   6.2    3:56   7.1   0.0   0.0   9.0  38.6   14:43   NNE
 5  12.4  16.3   15:37   9.1    2:59   5.9   0.0   0.0   5.5  35.4   15:47   NNE
 6  12.7  17.2   13:51   8.4    4:38   5.5   0.0   0.0   5.1  29.0   15:33   NNE
 7  12.3  16.8   15:37   8.0    3:06   5.8   0.0   0.0   5.1  41.8   11:12   NNE
 8  12.3  17.4   16:39   7.4    5:21   5.8   0.0   0.0   4.2  24.1   12:33   NNE
 9  12.9  18.4   14:06   6.8    4:29   5.2   0.0   0.0   3.7  24.1   13:03   NNE
10  15.5  20.5   12:32  10.5    1:00   3.2   0.5   0.0   4.8  27.4   12:37   WSW
11  16.2  20.9   16:03  11.9    3:45   2.4   0.6   0.0   4.2  24.1   13:36   NNE
12  16.5  23.3   15:47   8.7    4:16   2.9   1.3   0.0   4.5  20.9   14:33   NNE
13  16.1  23.4   14:10  10.8    5:53   3.2   1.0   0.0   8.2  33.8   16:54     S
14  12.9  17.8   11:10   9.8   23:31   5.2   0.0   5.0   6.9  32.2   23:46     S
15   9.7  12.2   15:05   6.3   23:50   8.5   0.0   0.0  10.6  49.9   12:45   NNE
16  11.6  18.7   14:24   4.9    3:01   6.5   0.0   0.0   3.7  22.5   14:50   NNE
17  14.7  20.9   12:08   8.6    7:11   4.0   0.4   0.0   3.7  19.3   13:29   NNE
18  17.3  24.7   14:26   8.3    5:26   2.9   1.9   0.0   3.7  19.3   15:20   NNE
19  20.1  26.7   14:45  15.5    7:02   0.7   2.3   0.0   5.3  24.1   17:31     S
20  16.3  18.3    2:25  12.4   23:59   2.0   0.0   6.4   2.9  29.0   22:48   NNE
21  14.9  21.1   13:11  11.1    3:25   3.5   0.2   3.4   4.8  27.4    0:21    SE
22  13.1  14.6    0:01  11.9   23:18   5.1   0.0  22.2   2.1  14.5   14:33    NE
23  12.1  14.7   15:28  10.2    7:59   6.1   0.0   3.2   6.6  30.6   12:12   NNE
24  14.6  19.7   12:29   9.1    6:20   3.8   0.2   0.0   2.9  22.5   13:19   NNE
25  16.7  22.8   16:41  11.3    3:02   2.8   1.2   0.0   3.9  19.3   13:56    SW
26  16.7  23.4   13:52  10.2    4:24   2.8   1.2   0.0   3.5  20.9   12:52     S
27  17.6  23.8   12:06  11.1    6:20   2.1   1.3   0.0   3.1  22.5   14:07    SW
28  17.6  23.7   13:36  10.9    5:27   2.2   1.5   0.0   4.2  22.5   15:27    SW
29  18.0  24.0   15:22  12.2    5:41   1.9   1.6   0.0   7.4  32.2   11:16    SW
30  17.7  22.2   14:37  12.6    5:48   1.7   1.1   0.0   4.8  27.4    8:19   NNE
-------------------------------------------------------------------------------------
    14.0  26.7    19     0.9     1   143.7  16.3  50.0   5.0  49.9    15     NNE

Max >=  32.0:  0
Max <=   0.0:  0
Min <=   0.0:  0
Min <= -18.0:  0
Max Rain: 22.20 ON 22/04/20
Days of Rain: 6 (> .2 mm) 6 (> 2 mm) 1 (> 20 mm)
Heat Base:  18.3  Cool Base:  18.3  Method: Integration