Dati Stazione Meteo - Stile NOAA

Seleziona il Report di un Mese o un Anno
2020: Gen Feb Mar Apr Mag Giu Lug Ago Set Ott Nov Dic
2019: Gen Feb Mar Apr Mag Giu Lug Ago Set Ott Nov Dic
2018: Gen Feb Mar Apr Mag Giu Lug Ago Set Ott Nov Dic
2017: Gen Feb Mar Apr Mag Giu Lug Ago Set Ott Nov Dic
2016: Gen Feb Mar Apr Mag Giu Lug Ago Set Ott Nov Dic
2015: Gen Feb Mar Apr Mag Giu Lug Ago Set Ott Nov Dic
2014: Gen Feb Mar Apr Mag Giu Lug Ago Set Ott Nov Dic
2013: Gen Feb Mar Apr Mag Giu Lug Ago Set Ott Nov Dic

Report for 2020 Ottobre
                   MONTHLY CLIMATOLOGICAL SUMMARY for OCT. 2020

NAME: Davis Vantage Vue   CITY: Acquaviva delle Fonti   STATE: Italia 
ELEV:   305 m  LAT:  40° 53' 26" N  LONG:  16° 50' 43" E

                   TEMPERATURE (°C), RAIN  (mm), WIND SPEED (km/hr)

                                      HEAT  COOL        AVG
    MEAN                              DEG   DEG         WIND                 DOM
DAY TEMP  HIGH   TIME   LOW    TIME   DAYS  DAYS  RAIN  SPEED HIGH   TIME    DIR
------------------------------------------------------------------------------------
 1  18.4  25.4   15:06  11.7    6:28   1.8   1.9   0.0   2.9  16.1   12:53     S
 2  20.1  25.4   14:03  13.7    6:41   1.1   3.0   0.0   9.8  38.6   20:45     S
 3  23.3  25.9   12:20  21.6    1:18   0.0   5.1   0.0  19.8  53.1   11:11    SE
 4  22.4  28.9   14:43  17.2    7:42   0.0   4.1   0.0   5.6  41.8    0:14     S
 5  21.7  27.7   11:54  18.6    5:49   0.0   3.3   0.0   3.4  17.7    1:10     S
 6  19.4  24.1   13:43  15.3    5:53   0.4   1.5   0.0   2.7  22.5   16:55   NNE
 7  15.7  18.3   10:37  13.3   23:24   2.5   0.0  14.6   3.1  22.5    9:44    SW
 8  15.4  19.1   14:42  12.5   23:25   3.0   0.0   0.0   7.7  33.8   13:05   NNE
 9  15.7  19.8   15:49  12.4    7:00   2.9   0.2   0.0   5.1  32.2   13:21   NNE
10  16.5  23.2   12:58   9.3    7:09   3.0   1.2   0.0   2.3  14.5   16:37   NNE
11  18.1  24.3   14:54  12.9    5:07   1.7   1.5   0.0   5.5  27.4   21:51     S
12  14.3  17.9    0:01  11.9   00:00   4.1   0.0  27.0   3.1  19.3    0:13     S
13  12.8  18.2   14:20  10.2   00:00   5.5   0.0   9.8   3.7  25.7   11:28   NNE
14  14.3  20.6   13:32   9.0    7:06   4.1   0.1   0.0   6.6  37.0   12:46     S
15  17.1  21.1    9:48  13.1   23:49   1.5   0.3   2.6   9.7  40.2   14:16     S
16  13.9  20.7   12:37   8.6    6:50   4.5   0.2   6.6   1.9  16.1   12:49   SSW
17  13.7  19.7   13:14   8.3    5:28   4.7   0.1   0.0   1.4  20.9   14:42    SW
18  13.6  17.1   15:21  10.4    6:10   4.8   0.0   0.0   2.4  22.5   16:30   NNE
19  13.7  18.3   15:10  10.1   23:59   4.6   0.0   0.0   2.9  29.0   14:03   NNE
20  13.6  18.3   13:24  10.2    0:01   4.6   0.0   0.0   2.4  19.3   15:15   NNE
21  13.7  22.9   15:55   8.1    5:43   5.2   0.6   0.4   1.9  20.9   16:35    SW
22  14.3  20.2   16:04   9.3    7:33   4.3   0.3   0.0   1.8  17.7   14:20   NNE
23  11.4  18.6    9:12   7.8    7:11   3.0   0.0   0.0   0.6   8.0   10:08   WSW
24
25
26
27
28
29
30
31
-------------------------------------------------------------------------------------
    16.2  28.9     4     7.8    23    67.4  23.3  61.0   4.6  53.1     3     NNE

Max >=  32.0:  0
Max <=   0.0:  0
Min <=   0.0:  0
Min <= -18.0:  0
Max Rain: 27.00 ON 12/10/20
Days of Rain: 6 (> .2 mm) 5 (> 2 mm) 1 (> 20 mm)
Heat Base:  18.3  Cool Base:  18.3  Method: Integration