Dati Stazione Meteo - Stile NOAA

Seleziona il Report di un Mese o un Anno
2019: Gen Feb Mar Apr Mag Giu Lug Ago Set Ott Nov Dic
2018: Gen Feb Mar Apr Mag Giu Lug Ago Set Ott Nov Dic
2017: Gen Feb Mar Apr Mag Giu Lug Ago Set Ott Nov Dic
2016: Gen Feb Mar Apr Mag Giu Lug Ago Set Ott Nov Dic
2015: Gen Feb Mar Apr Mag Giu Lug Ago Set Ott Nov Dic
2014: Gen Feb Mar Apr Mag Giu Lug Ago Set Ott Nov Dic
2013: Gen Feb Mar Apr Mag Giu Lug Ago Set Ott Nov Dic

Report for 2019 Giugno
                   MONTHLY CLIMATOLOGICAL SUMMARY for JUN. 2019

NAME: Davis Vantage Vue   CITY: Acquaviva delle Fonti   STATE: Italia 
ELEV:   305 m  LAT:  40° 53' 26" N  LONG:  16° 50' 43" E

                   TEMPERATURE (°C), RAIN  (mm), WIND SPEED (km/hr)

                                      HEAT  COOL        AVG
    MEAN                              DEG   DEG         WIND                 DOM
DAY TEMP  HIGH   TIME   LOW    TIME   DAYS  DAYS  RAIN  SPEED HIGH   TIME    DIR
------------------------------------------------------------------------------------
 1  16.7  21.3   15:06  11.7    4:17   2.3   0.7   0.0   7.2  35.4   15:38   NNE
 2  16.9  22.2   12:04  11.4    5:18   2.4   1.1   0.0   3.7  29.0   15:11   NNE
 3  19.2  25.1   13:26  12.8    3:28   1.5   2.4   0.0   4.5  32.2   14:41   NNE
 4  20.8  26.6   17:15  13.9    1:45   0.8   3.2   0.0   3.7  24.1   12:33   NNE
 5  20.8  28.9   13:44  14.7    4:59   0.6   3.1   0.2   4.7  27.4   18:02     S
 6  22.7  31.3   14:23  16.7    5:15   0.4   4.8   0.0   7.4  27.4   16:47     S
 7  25.6  34.1   14:56  16.1    5:21   0.1   7.5   0.0   4.3  20.9   16:19     S
 8  28.8  37.3   13:54  20.3    4:15   0.0  10.4   0.0   2.7  22.5   14:07   NNE
 9  27.4  32.6   15:46  23.1   00:00   0.0   9.1   0.0   4.3  24.1   15:02   NNE
10  26.8  31.9   14:02  20.6    2:17   0.0   8.5   0.0   3.2  27.4   15:18   NNE
11  27.2  35.8   14:45  19.9    5:17   0.0   9.0   0.0   4.7  20.9   16:01   SSW
12  26.6  33.6   12:36  21.3    5:58   0.0   8.3   0.0   7.2  32.2   14:00     S
13  25.8  31.7   10:35  19.7    4:52   0.0   7.4   0.0   5.6  30.6   11:56   NNE
14  26.4  32.4   16:27  18.8    5:08   0.0   8.1   0.0   5.0  29.0   13:47   NNE
15  29.2  35.6   14:03  20.3    5:55   0.0  10.8   0.0   3.4  25.7   14:27   NNE
16  27.4  31.8   12:46  21.9   23:36   0.0   9.1   0.0   5.8  29.0   11:20   NNE
17  25.7  30.4   11:52  19.7    4:20   0.0   7.5   0.0   4.2  27.4   12:41   NNE
18  24.7  29.3   13:20  19.2    3:11   0.0   6.5   0.0   3.7  20.9   12:11   NNE
19  22.6  29.2   11:01  18.4    5:32   0.0   2.0   0.0   1.4  14.5    9:09   NNE
20
21
22
23
24
25
26
27
28
29
30
-------------------------------------------------------------------------------------
    24.3  37.3     8    11.4     2     8.1 119.6   0.2   4.6  35.4     1     NNE

Max >=  32.0:  7
Max <=   0.0:  0
Min <=   0.0:  0
Min <= -18.0:  0
Max Rain: 0.20 ON 05/06/19
Days of Rain: 1 (> .2 mm) 0 (> 2 mm) 0 (> 20 mm)
Heat Base:  18.3  Cool Base:  18.3  Method: Integration