Dati Stazione Meteo - Stile NOAA


Report for 2022 Novembre
                   MONTHLY CLIMATOLOGICAL SUMMARY for NOV. 2022

NAME: Davis Vantage Vue   CITY: Acquaviva delle Fonti   STATE: Italia 
ELEV:   310 m  LAT:  40° 53' 26" N  LONG:  16° 50' 43" E

                   TEMPERATURE (°C), RAIN  (mm), WIND SPEED (km/hr)

                                      HEAT  COOL        AVG
    MEAN                              DEG   DEG         WIND                 DOM
DAY TEMP  HIGH   TIME   LOW    TIME   DAYS  DAYS  RAIN  SPEED HIGH   TIME    DIR
------------------------------------------------------------------------------------
 1  20.0  29.1   13:22  13.9    6:08   1.0   2.7   0.0   1.4  11.3   14:27   WSW
 2  17.0  23.7   13:25  11.6    6:59   2.5   1.2   0.0   1.4  16.1   15:30    NE
 3  16.6  26.1   12:52  10.7    5:00   3.0   1.3   0.0   1.3  19.3   13:13   WSW
 4  15.7  20.0   11:46  12.1    2:46   2.8   0.2   8.8   7.9  35.4   10:19   SSW
 5  13.1  15.5   12:05  10.5   23:58   5.2   0.0   5.6   3.5  27.4    0:53   SSW
 6  12.4  16.2   14:40   9.4    2:30   5.9   0.0   6.6   2.6  19.3    9:58    NE
 7  12.8  17.6   12:08   9.8   20:46   5.5   0.0   0.0   1.6  14.5   13:56   WSW
 8  12.6  18.7   13:25   8.6   23:43   5.7   0.0   0.2   1.4  16.1   13:31    NE
 9  13.2  20.7   13:17   6.3    5:56   5.4   0.3   0.2   3.2  16.1   11:14   SSW
10  14.8  19.9   12:46  11.1    4:07   3.6   0.1   0.2   1.6  14.5   15:26    NE
11  14.4  18.4   13:09  11.6    6:06   3.9   0.0   0.2   3.7  29.0   10:38    NE
12  13.2  16.6   11:10   9.6   23:53   5.1   0.0   1.4   5.1  30.6   12:51    NE
13  11.8  17.2   13:20   9.6    0:06   6.5   0.0  15.0   2.1  19.3   14:45     S
14  14.6  19.1   14:05  11.2    3:29   3.8   0.0   0.0   4.3  27.4    8:58   SSW
15  13.4  20.4   14:41   8.3    7:00   5.0   0.1   0.2   2.3  16.1   19:52   SSW
16  14.5  16.3   12:56  12.7    0:48   3.8   0.0   8.0   5.8  24.1   23:04   SSW
17  15.1  20.7   13:13  12.5    5:52   3.4   0.2   0.2   3.4  20.9    2:29   SSW
18  15.7  21.5   15:19  11.4    5:16   3.0   0.4   0.2   5.1  30.6    8:59   SSW
19  15.6  18.1   17:21  11.9    6:03   2.7   0.0   2.4   6.8  32.2   19:37   SSW
20  13.5  16.5    2:10   9.0   23:54   4.8   0.0  43.2   6.3  35.4   16:57    NE
21  10.7  15.9   14:49   7.6   22:04   7.7   0.0   0.0   4.2  20.9    0:43     W
22  12.1  16.6   11:05   8.4    0:25   6.2   0.0   3.0  11.9  41.8    7:08   SSW
23  11.0  16.7   13:02   6.6   20:15   7.3   0.0   0.0   5.5  32.2    3:04   WSW
24  10.6  15.2   11:39   5.8    4:17   7.7   0.0   0.0   2.1  20.9   12:01   WSW
25  11.6  18.1   13:39   8.3    4:57   6.8   0.0   0.0   2.3  11.3   14:00   SSW
26  10.6  12.1   10:47   9.8   18:14   7.7   0.0   9.8   3.1  19.3   14:52    NE
27   9.4  11.3    9:49   6.5   23:10   8.9   0.0   1.0   2.4  20.9   12:42    NE
28   8.1  12.5   12:07   5.6   23:59  10.2   0.0   0.2   1.6  20.9   12:09    NE
29   8.8  12.5   13:13   4.5    1:00   7.5   0.0   0.4   1.0  14.5   14:41    NE
30
-------------------------------------------------------------------------------------
    13.2  29.1     1     4.5    29   152.5   6.4 106.8   3.6  41.8    22      NE

Max >=  32.0:  0
Max <=   0.0:  0
Min <=   0.0:  0
Min <= -18.0:  0
Max Rain: 43.21 ON 20/11/22
Days of Rain: 20 (> .2 mm) 9 (> 2 mm) 1 (> 20 mm)
Heat Base:  18.3  Cool Base:  18.3  Method: Integration