Dati Stazione Meteo - Stile NOAA


Report for 2024 Febbraio
                   MONTHLY CLIMATOLOGICAL SUMMARY for FEB. 2024

NAME: Davis Vantage Vue   CITY: Acquaviva delle Fonti   STATE: Italia 
ELEV:   310 m  LAT:  40° 53' 26" N  LONG:  16° 50' 43" E

                   TEMPERATURE (°C), RAIN  (mm), WIND SPEED (km/hr)

                                      HEAT  COOL        AVG
    MEAN                              DEG   DEG         WIND                 DOM
DAY TEMP  HIGH   TIME   LOW    TIME   DAYS  DAYS  RAIN  SPEED HIGH   TIME    DIR
------------------------------------------------------------------------------------
 1   7.0  13.7   14:18   1.7    5:45  11.3   0.0   0.2   1.4  14.5   15:54    NE
 2   8.3  12.6   14:36   4.2    2:30  10.0   0.0   0.0   4.7  27.4   12:57    NE
 3  10.4  17.3   15:57   5.9    6:47   7.9   0.0   0.0   2.7  20.9   11:06    NE
 4  11.7  19.4   14:46   5.8    3:38   6.7   0.1   0.0   1.6  19.3   11:34   WSW
 5  11.9  20.7   15:13   6.2    6:37   6.5   0.1   0.0   2.3  16.1   16:30    NE
 6  10.8  17.5   12:34   4.9    4:52   7.5   0.0   0.0   2.3  19.3   12:57    NE
 7  11.7  17.2   13:20   8.7   23:57   6.6   0.0   0.2   5.5  27.4    9:18   SSW
 8  11.7  18.8   14:19   5.8    5:47   6.6   0.0   0.2   3.1  25.7   11:42   WSW
 9  11.6  17.5   12:30   7.0    4:24   6.7   0.0   0.0   6.6  27.4    9:49   SSW
10  13.1  16.2   15:22  11.3   22:11   5.2   0.0   0.6  11.1  45.1   14:32   SSW
11  11.5  15.6   12:12   6.5   23:31   6.8   0.0   0.6   8.2  37.0   12:01   SSW
12   9.6  14.1   13:24   4.7    2:48   8.8   0.0   0.0   2.7  16.1    9:43    NE
13   9.1  12.2   13:07   6.8    2:09   9.2   0.0   3.2   3.5  29.0   12:15    NE
14   8.8  11.8   12:28   5.8   23:26   9.5   0.0   1.4   6.8  37.0   15:48    NE
15   9.7  14.1   13:52   6.1    6:43   8.6   0.0   0.0   4.0  30.6   12:45    NE
16  10.8  17.7   14:09   5.6    6:44   7.5   0.0   0.0   1.4  14.5   12:56    NE
17  10.2  16.3   11:52   4.2    6:17   8.1   0.0   0.0   1.8  19.3   13:20    NE
18  10.5  15.6   13:52   5.3    5:55   7.8   0.0   0.2   1.6  17.7   12:48    NE
19  12.1  18.7   12:48   6.9    5:22   6.2   0.0   0.0   1.6  22.5   12:51    NE
20  10.9  14.7   13:21   8.8   23:38   7.4   0.0   0.0   2.6  22.5   12:11    NE
21  10.0  15.6   13:17   4.7   00:00   8.3   0.0   0.2   2.3  20.9   10:45    NE
22   8.2  15.7   11:56   4.3    0:28   5.0   0.0   0.0   3.9  20.9    9:02   SSW
23
24
25
26
27
28
29
-------------------------------------------------------------------------------------
    10.4  20.7     5     1.7     1   168.2   0.2   6.8   3.7  45.1    10      NE

Max >=  32.0:  0
Max <=   0.0:  0
Min <=   0.0:  0
Min <= -18.0:  0
Max Rain: 3.20 ON 13/02/24
Days of Rain: 9 (> .2 mm) 1 (> 2 mm) 0 (> 20 mm)
Heat Base:  18.3  Cool Base:  18.3  Method: Integration