Segui @MeteoAcquaviva

Dati Stazione Meteo - Stile NOAA

Seleziona il Report di un Mese o un Anno
2017: Gen Feb Mar Apr Mag Giu Lug Ago Set Ott Nov Dic
2016: Gen Feb Mar Apr Mag Giu Lug Ago Set Ott Nov Dic
2015: Gen Feb Mar Apr Mag Giu Lug Ago Set Ott Nov Dic
2014: Gen Feb Mar Apr Mag Giu Lug Ago Set Ott Nov Dic
2013: Gen Feb Mar Apr Mag Giu Lug Ago Set Ott Nov Dic

Report for 2017 Giugno
                   MONTHLY CLIMATOLOGICAL SUMMARY for JUN. 2017

NAME: Davis Vantage Vue   CITY: Acquaviva delle Fonti   STATE: Italia 
ELEV:   305 m  LAT:  40° 53' 26" N  LONG:  16° 50' 43" E

                   TEMPERATURE (°C), RAIN  (mm), WIND SPEED (km/hr)

                                      HEAT  COOL        AVG
    MEAN                              DEG   DEG         WIND                 DOM
DAY TEMP  HIGH   TIME   LOW    TIME   DAYS  DAYS  RAIN  SPEED HIGH   TIME    DIR
------------------------------------------------------------------------------------
 1  24.2  28.8   13:05  18.4    5:35   0.0   6.0   0.0   3.9  25.7   14:44   NNE
 2  22.3  30.5   13:12  17.1   15:15   0.0   4.0  33.2   2.3  27.4   14:02   NNE
 3  22.3  27.8   15:19  17.4    5:45   0.1   4.0   0.0   3.2  24.1   16:43   NNE
 4  23.6  28.8   12:30  16.7    5:38   0.1   5.5   0.0   2.9  27.4   15:41   NNE
 5  23.9  30.7   13:24  16.6    4:05   0.1   5.7   0.0   4.0  22.5   18:07   NNE
 6  22.3  29.9   11:44  18.8    4:40   0.0   4.1   1.6   3.9  25.7   14:26   SSW
 7  24.3  30.6   12:52  18.8    5:59   0.0   6.0   0.0   3.9  22.5   15:21   NNE
 8  22.2  25.8   12:38  17.4   23:19   0.0   3.9   0.0   7.7  37.0   12:41   NNE
 9  20.8  26.0   11:56  15.6    5:22   0.5   3.0   0.0   4.7  27.4   15:33   NNE
10  22.5  28.4   14:21  15.9    1:57   0.4   4.5   0.0   3.1  24.1   17:17   NNE
11  21.6  25.1   12:40  16.9    5:59   0.1   3.4   0.0   7.9  35.4   11:22   NNE
12  22.7  27.4   12:17  17.4    5:15   0.1   4.7   0.0   4.2  25.7   13:11   NNE
13  25.5  31.7   13:16  18.3    0:53   0.0   7.3   0.0   2.9  25.7   14:34   NNE
14  26.8  32.8   15:06  18.7    5:54   0.0   8.5   0.0   3.5  24.1   11:48   NNE
15  25.1  31.1   15:12  20.8   23:57   0.0   6.8   0.0   4.7  29.0   16:24   NNE
16  24.4  28.6   13:21  18.9    3:47   0.0   6.1   0.0   3.2  25.7   13:58   NNE
17  24.0  28.9   11:13  19.0    3:19   0.0   5.7   0.0   5.6  32.2   14:10   NNE
18  20.9  22.6   14:05  18.8    6:03   0.0   2.7   0.0  12.6  46.7   15:45   NNE
19  22.3  25.8   14:43  18.4   23:15   0.0   4.0   0.0  10.1  43.5   10:57   NNE
20  24.0  29.8   12:02  15.6    4:02   0.3   6.1   0.0   3.5  32.2   13:51   NNE
21  25.3  30.2   13:22  19.1    4:35   0.0   7.2   0.0   3.1  24.1   14:32   NNE
22  26.1  32.4   15:41  17.5    2:52   0.0   7.9   0.0   3.2  22.5   13:28   NNE
23  28.4  34.5   15:55  22.8    3:44   0.0  10.1   0.0   3.2  25.7   16:12   NNE
24  28.4  34.2   12:59  22.4    3:05   0.0  10.4   0.0   3.5  27.4   15:57   NNE
25  29.1  38.2   15:15  21.1    5:11   0.0  10.8   0.0   3.4  27.4   13:38    SE
26  26.7  30.2   14:48  22.3   00:00   0.0   8.5   0.0   6.1  29.0   11:37   NNE
27  23.2  29.0    8:51  21.2    4:48   0.0   1.8   0.0   1.3  20.9    8:38    SE
28
29
30
-------------------------------------------------------------------------------------
    24.2  38.2    25    15.6     9     1.6 158.7  34.8   4.5  46.7    18     NNE

Max >=  32.0:  5
Max <=   0.0:  0
Min <=   0.0:  0
Min <= -18.0:  0
Max Rain: 33.20 ON 02/06/17
Days of Rain: 2 (> .2 mm) 1 (> 2 mm) 1 (> 20 mm)
Heat Base:  18.3  Cool Base:  18.3  Method: Integration