Dati Stazione Meteo - Stile NOAA
Seleziona il Report di un Mese o un Anno
2024: Gen Feb Mar Apr Mag Giu Lug Ago Set Ott Nov Dic
2023: Gen Feb Mar Apr Mag Giu Lug Ago Set Ott Nov Dic
2022: Gen Feb Mar Apr Mag Giu Lug Ago Set Ott Nov Dic
2021: Gen Feb Mar Apr Mag Giu Lug Ago Set Ott Nov Dic
2020: Gen Feb Mar Apr Mag Giu Lug Ago Set Ott Nov Dic
2019: Gen Feb Mar Apr Mag Giu Lug Ago Set Ott Nov Dic
2018: Gen Feb Mar Apr Mag Giu Lug Ago Set Ott Nov Dic
2017: Gen Feb Mar Apr Mag Giu Lug Ago Set Ott Nov Dic
2016: Gen Feb Mar Apr Mag Giu Lug Ago Set Ott Nov Dic
2015: Gen Feb Mar Apr Mag Giu Lug Ago Set Ott Nov Dic
2014: Gen Feb Mar Apr Mag Giu Lug Ago Set Ott Nov Dic
2024: Gen Feb Mar Apr Mag Giu Lug Ago Set Ott Nov Dic
2023: Gen Feb Mar Apr Mag Giu Lug Ago Set Ott Nov Dic
2022: Gen Feb Mar Apr Mag Giu Lug Ago Set Ott Nov Dic
2021: Gen Feb Mar Apr Mag Giu Lug Ago Set Ott Nov Dic
2020: Gen Feb Mar Apr Mag Giu Lug Ago Set Ott Nov Dic
2019: Gen Feb Mar Apr Mag Giu Lug Ago Set Ott Nov Dic
2018: Gen Feb Mar Apr Mag Giu Lug Ago Set Ott Nov Dic
2017: Gen Feb Mar Apr Mag Giu Lug Ago Set Ott Nov Dic
2016: Gen Feb Mar Apr Mag Giu Lug Ago Set Ott Nov Dic
2015: Gen Feb Mar Apr Mag Giu Lug Ago Set Ott Nov Dic
2014: Gen Feb Mar Apr Mag Giu Lug Ago Set Ott Nov Dic
Report for 2024 Marzo
MONTHLY CLIMATOLOGICAL SUMMARY for MAR. 2024 NAME: Davis Vantage Vue CITY: Acquaviva delle Fonti STATE: Italia ELEV: 310 m LAT: 40° 53' 26" N LONG: 16° 50' 43" E TEMPERATURE (°C), RAIN (mm), WIND SPEED (km/hr) HEAT COOL AVG MEAN DEG DEG WIND DOM DAY TEMP HIGH TIME LOW TIME DAYS DAYS RAIN SPEED HIGH TIME DIR ------------------------------------------------------------------------------------ 1 11.0 16.4 14:12 6.4 5:52 7.3 0.0 3.4 5.3 24.1 9:41 SSW 2 11.4 18.4 13:20 5.0 4:38 6.9 0.0 0.2 2.3 16.1 15:40 SSW 3 11.5 15.8 12:05 7.0 6:54 6.8 0.0 0.0 8.5 35.4 22:34 S 4 9.8 12.5 2:13 5.4 23:49 8.5 0.0 9.8 5.5 33.8 1:20 SSW 5 9.5 14.0 15:43 5.3 0:44 8.8 0.0 0.2 1.6 16.1 13:46 WSW 6 12.1 18.6 15:35 7.3 23:15 6.2 0.0 0.0 4.3 27.4 15:59 WSW 7 9.2 13.8 14:34 5.3 6:25 9.1 0.0 0.0 3.4 20.9 10:02 WSW 8 10.1 16.5 12:53 4.5 6:20 8.2 0.0 0.0 3.4 20.9 15:36 SSW 9 13.1 17.2 12:20 10.3 0:19 5.3 0.0 1.2 8.5 33.8 10:40 S 10 13.3 14.8 14:11 12.0 3:07 5.0 0.0 0.0 18.2 59.5 12:47 S 11 13.3 18.3 13:23 8.5 22:51 5.0 0.0 1.6 10.5 56.3 4:41 SSW 12 10.8 15.2 14:14 7.1 5:45 7.5 0.0 0.6 3.5 22.5 9:03 WSW 13 11.1 15.4 12:55 8.0 23:46 7.3 0.0 0.0 4.5 29.0 10:31 NE 14 11.7 17.2 12:56 7.0 00:00 6.6 0.0 0.0 3.1 29.0 13:42 NE 15 13.1 20.8 14:29 6.4 5:34 5.4 0.2 0.0 1.6 17.7 14:40 NE 16 12.8 19.1 12:50 7.6 5:55 5.5 0.0 0.6 1.9 20.9 11:43 NE 17 12.6 16.9 13:48 8.8 21:46 5.7 0.0 0.2 2.7 25.7 12:02 NE 18 14.2 20.7 12:00 7.7 4:10 4.5 0.4 5.2 2.3 19.3 13:58 WSW 19 11.2 11.8 0:01 10.7 5:55 2.4 0.0 3.8 1.0 16.1 7:04 NE 20 21 22 23 24 25 26 27 28 29 30 31 ------------------------------------------------------------------------------------- 11.7 20.8 15 4.5 8 122.0 0.6 26.8 4.8 59.5 10 WSW Max >= 32.0: 0 Max <= 0.0: 0 Min <= 0.0: 0 Min <= -18.0: 0 Max Rain: 9.80 ON 04/03/24 Days of Rain: 11 (> .2 mm) 4 (> 2 mm) 0 (> 20 mm) Heat Base: 18.3 Cool Base: 18.3 Method: Integration