Segui @MeteoAcquaviva

Dati Stazione Meteo - Stile NOAA

Seleziona il Report di un Mese o un Anno
2017: Gen Feb Mar Apr Mag Giu Lug Ago Set Ott Nov Dic
2016: Gen Feb Mar Apr Mag Giu Lug Ago Set Ott Nov Dic
2015: Gen Feb Mar Apr Mag Giu Lug Ago Set Ott Nov Dic
2014: Gen Feb Mar Apr Mag Giu Lug Ago Set Ott Nov Dic
2013: Gen Feb Mar Apr Mag Giu Lug Ago Set Ott Nov Dic

Report for 2017 Aprile
                   MONTHLY CLIMATOLOGICAL SUMMARY for APR. 2017

NAME: Davis Vantage Vue   CITY: Acquaviva delle Fonti   STATE: Italia 
ELEV:   305 m  LAT:  40° 53' 26" N  LONG:  16° 50' 43" E

                   TEMPERATURE (°C), RAIN  (mm), WIND SPEED (km/hr)

                                      HEAT  COOL        AVG
    MEAN                              DEG   DEG         WIND                 DOM
DAY TEMP  HIGH   TIME   LOW    TIME   DAYS  DAYS  RAIN  SPEED HIGH   TIME    DIR
------------------------------------------------------------------------------------
 1  15.4  21.4   14:04  11.1    6:01   3.5   0.6   0.0   8.7  33.8   15:23    SE
 2  14.2  18.1   15:08  12.3    0:01   4.1   0.0   0.0  11.9  40.2   11:38    SE
 3  11.3  15.3   11:12   7.9    4:03   7.0   0.0   9.0   3.9  27.4   11:47    SE
 4  11.5  18.0   13:28   6.9    5:19   6.8   0.0   0.0   1.6  24.1   15:19   NNE
 5  12.1  17.2   14:47   6.8    4:28   6.2   0.0   0.2   2.7  24.1   16:08   NNE
 6  13.5  18.1   14:44   9.1    6:28   4.9   0.0   0.0   4.7  30.6   13:41   NNE
 7  11.6  14.8   12:51   8.0   23:55   6.7   0.0   0.2   6.3  30.6   18:18   NNE
 8  12.1  17.1   14:22   6.1    3:36   6.3   0.0   0.0   5.5  32.2   15:25   NNE
 9  13.7  19.3   14:17   8.3    6:11   4.6   0.0   0.0   3.7  24.1   13:14   NNE
10  14.8  22.3   14:45   7.4    5:44   4.3   0.7   0.0   3.4  25.7   16:33   SSW
11  16.3  23.4   16:16   8.6    6:36   3.4   1.4   0.0   2.3  20.9   15:25   NNE
12  15.3  19.8   13:46  10.3   23:36   3.2   0.2   0.0   5.1  30.6   16:04   NNE
13  16.2  23.2   14:23   8.7    5:55   3.3   1.2   0.0   3.1  25.7   14:39   NNE
14  18.1  25.6   14:26  12.8    5:55   1.9   1.7   0.0   3.5  29.0   15:28   NNE
15  17.7  24.8   14:49  12.5    4:45   2.2   1.6   0.0   5.5  30.6   15:50    SW
16  15.0  20.1   12:34  12.1    1:47   3.4   0.1   2.6   4.2  30.6   12:58   NNE
17  11.9  14.2   16:47  10.5    8:47   6.3   0.0   7.2   5.1  30.6   11:54   NNE
18  13.1  17.6   13:29   7.7    4:47   5.2   0.0   0.2   7.4  38.6   15:05    SE
19   8.6  11.3    0:01   6.6   23:58   9.7   0.0   0.4   6.1  30.6   13:14   NNE
20   6.3   9.9   11:31   3.9    6:21  12.0   0.0   3.8   6.6  33.8   13:21   NNE
21   6.6  10.2   14:22   3.7    3:13  11.8   0.0   1.2   6.9  32.2   14:17   NNE
22   8.3  13.2   15:08   3.5    3:03  10.2   0.0   0.0   6.0  35.4   14:06   NNE
23  13.2  21.0   13:18   4.8    0:01   5.2   0.2   0.0   3.9  30.6   13:36   NNE
24
25
26
27
28
29
30
-------------------------------------------------------------------------------------
    12.9  25.6    14     3.5    22   132.7   7.8  24.8   5.1  40.2     2     NNE

Max >=  32.0:  0
Max <=   0.0:  0
Min <=   0.0:  0
Min <= -18.0:  0
Max Rain: 8.99 ON 03/04/17
Days of Rain: 9 (> .2 mm) 4 (> 2 mm) 0 (> 20 mm)
Heat Base:  18.3  Cool Base:  18.3  Method: Integration