Segui @MeteoAcquaviva

Dati Stazione Meteo - Stile NOAA

Seleziona il Report di un Mese o un Anno
2018: Gen Feb Mar Apr Mag Giu Lug Ago Set Ott Nov Dic
2017: Gen Feb Mar Apr Mag Giu Lug Ago Set Ott Nov Dic
2016: Gen Feb Mar Apr Mag Giu Lug Ago Set Ott Nov Dic
2015: Gen Feb Mar Apr Mag Giu Lug Ago Set Ott Nov Dic
2014: Gen Feb Mar Apr Mag Giu Lug Ago Set Ott Nov Dic
2013: Gen Feb Mar Apr Mag Giu Lug Ago Set Ott Nov Dic

Report for 2018 Settembre
                   MONTHLY CLIMATOLOGICAL SUMMARY for SEP. 2018

NAME: Davis Vantage Vue   CITY: Acquaviva delle Fonti   STATE: Italia 
ELEV:   305 m  LAT:  40° 53' 26" N  LONG:  16° 50' 43" E

                   TEMPERATURE (°C), RAIN  (mm), WIND SPEED (km/hr)

                                      HEAT  COOL        AVG
    MEAN                              DEG   DEG         WIND                 DOM
DAY TEMP  HIGH   TIME   LOW    TIME   DAYS  DAYS  RAIN  SPEED HIGH   TIME    DIR
------------------------------------------------------------------------------------
 1  25.3  33.4   15:14  18.3    4:06   0.0   7.0   0.0   2.3  19.3   16:51    SW
 2  24.8  32.1   15:10  18.8    5:09   0.0   6.5   0.0   3.2  29.0   18:29    SW
 3  22.7  28.1   13:43  15.9    6:28   0.1   3.7   0.6   2.9  22.5   13:47   NNE
 4  22.5  28.6   13:10  16.4    6:21   0.1   4.0   0.0   3.4  27.4   13:34   NNE
 5  22.6  26.7   15:02  19.1   23:27   0.0   4.2   0.0   4.5  29.0   13:43   NNE
 6  22.8  28.8   13:14  17.8    2:45   0.0   4.6   0.0   3.1  24.1   16:10   NNE
 7  23.4  29.9   12:47  19.4    6:21   0.0   5.1   0.4   3.2  29.0   13:12   NNE
 8  22.2  26.7   14:11  18.9    3:24   0.0   3.9   0.0   5.1  30.6   12:30   NNE
 9  22.6  27.1   14:50  18.6    3:44   0.0   4.2   0.0   4.5  32.2   13:23   NNE
10  22.6  27.6   13:25  18.4    4:30   0.0   4.3   0.0   4.2  27.4   12:40   NNE
11  22.4  27.2   13:38  18.4    3:08   0.0   4.1   0.0   6.0  35.4   14:38   NNE
12  22.7  27.0   14:20  18.4    5:13   0.0   4.5   0.0   5.0  29.0   12:13   NNE
13  23.0  28.5   15:28  16.4    6:35   0.1   4.8   0.0   2.4  19.3   15:32   NNE
14  23.2  28.7   13:03  19.5    4:22   0.0   6.3   0.0   3.4  24.1   16:04   NNE
15  22.9  29.1   14:02  16.9    6:47   0.2   7.2   0.0   2.3  25.7   14:48   NNE
16  22.8  27.8   13:27  19.1    3:22   0.0   5.4   0.0   3.9  24.1   15:17   NNE
17  23.6  29.1   12:55  19.5    5:57   0.0   5.4   0.0   2.6  25.7   14:40   NNE
18  24.1  31.2   14:26  17.5    4:51   0.1   6.4   0.0   2.4  29.0   15:37    SE
19  23.2  30.5   13:10  17.9    3:50   0.0   5.2   0.0   2.4  19.3   14:43   NNE
20  22.7  25.6   13:07  20.3   00:00   0.0   4.7   0.0   3.2  24.1   13:46   NNE
21  22.3  30.2   13:52  17.3    5:46   0.1   4.0   0.0   2.1  22.5   14:41   NNE
22  23.7  30.6   15:04  17.4    6:49   0.0   5.9   0.2   3.1  19.3   15:12    SE
23  24.6  32.6   13:52  18.9    7:04   0.0   6.7   0.0   3.5  20.9   15:32    SE
24  23.6  30.0   12:28  17.7   23:32   0.0   5.3   0.0   7.9  38.6   23:26   NNE
25  17.3  18.6    0:27  16.2    6:53   0.3   0.0   0.0  12.4  33.8    3:04   NNE
26
27
28
29
30
-------------------------------------------------------------------------------------
    22.9  33.4     1    15.9     3     1.0 123.6   1.2   4.0  38.6    24     NNE

Max >=  32.0:  3
Max <=   0.0:  0
Min <=   0.0:  0
Min <= -18.0:  0
Max Rain: 0.61 ON 03/09/18
Days of Rain: 3 (> .2 mm) 0 (> 2 mm) 0 (> 20 mm)
Heat Base:  18.3  Cool Base:  18.3  Method: Integration