Segui @MeteoAcquaviva

Dati Stazione Meteo - Stile NOAA

Seleziona il Report di un Mese o un Anno
2017: Gen Feb Mar Apr Mag Giu Lug Ago Set Ott Nov Dic
2016: Gen Feb Mar Apr Mag Giu Lug Ago Set Ott Nov Dic
2015: Gen Feb Mar Apr Mag Giu Lug Ago Set Ott Nov Dic
2014: Gen Feb Mar Apr Mag Giu Lug Ago Set Ott Nov Dic
2013: Gen Feb Mar Apr Mag Giu Lug Ago Set Ott Nov Dic

Report for 2017 Maggio
                   MONTHLY CLIMATOLOGICAL SUMMARY for MAY. 2017

NAME: Davis Vantage Vue   CITY: Acquaviva delle Fonti   STATE: Italia 
ELEV:   305 m  LAT:  40° 53' 26" N  LONG:  16° 50' 43" E

                   TEMPERATURE (°C), RAIN  (mm), WIND SPEED (km/hr)

                                      HEAT  COOL        AVG
    MEAN                              DEG   DEG         WIND                 DOM
DAY TEMP  HIGH   TIME   LOW    TIME   DAYS  DAYS  RAIN  SPEED HIGH   TIME    DIR
------------------------------------------------------------------------------------
 1  15.5  22.4   13:16   8.3    5:54   3.7   0.9   0.0   3.4  25.7   13:59   NNE
 2  15.9  20.6   11:30  11.1    1:32   2.7   0.4   0.0   4.8  29.0   13:58   NNE
 3  16.4  21.9   13:04  11.1   00:00   2.5   0.6   0.0   3.7  25.7   13:39   NNE
 4  17.3  24.6   15:15   8.4    4:51   2.9   1.9   0.0   3.5  25.7   14:07    SE
 5  17.3  24.1   10:28  11.4    5:15   2.2   1.2   0.0   5.1  29.0   13:44   NNE
 6  15.7  23.5   13:23   9.6    6:18   3.4   0.7   0.8   4.2  27.4   23:30   NNE
 7  16.8  21.8   11:09  12.2   22:30   2.2   0.6   0.0   8.0  35.4    9:32   NNE
 8  14.8  18.6   15:17  11.2    6:06   3.5   0.0  15.6   3.7  20.9    9:15   NNE
 9  14.8  19.2   16:24  11.8    2:25   3.5   0.0   9.0   4.7  30.6   12:04   NNE
10  16.3  21.3   12:03  11.8    3:53   2.7   0.7   0.0   3.4  22.5   15:11   NNE
11  16.3  19.2   15:42  13.6    0:11   2.1   0.0   0.0  15.4  56.3   15:19    SE
12  20.2  30.2   14:10  16.2    0:51   0.7   2.6   0.0  11.1  48.3    3:25    SE
13  21.7  26.6   11:29  15.9   23:59   0.2   3.6   0.0   4.7  27.4   14:35   NNE
14  20.3  26.1   15:41  13.6    4:42   0.9   3.0   0.0   4.0  25.7   16:47   NNE
15  20.1  24.3   15:45  13.6    4:28   0.7   2.5   0.0   6.1  32.2   14:08   NNE
16  19.4  23.6   14:56  16.2    5:12   0.6   1.8   0.0   7.4  32.2   13:07   NNE
17  19.1  23.4   15:20  14.9    4:21   1.0   1.8   0.0   8.0  35.4   16:42   NNE
18  19.1  24.1   16:11  13.6    5:38   1.2   1.9   0.0   4.5  24.1   10:33   NNE
19  20.8  28.2   12:45  13.5    1:29   1.1   3.6   0.0   4.2  25.7   13:54    SE
20  19.7  26.5   13:24  14.0   23:48   0.8   2.2   2.2   4.2  24.1   13:29   NNE
21  15.8  20.0   16:14  12.3    6:40   2.7   0.2   5.8   7.4  40.2   16:05   NNE
22  19.5  24.6   13:44  14.4    3:58   1.0   1.8   0.0   6.6  32.2   12:27   NNE
23
24
25
26
27
28
29
30
31
-------------------------------------------------------------------------------------
    17.8  30.2    12     8.3     1    42.4  32.1  33.4   5.8  56.3    11     NNE

Max >=  32.0:  0
Max <=   0.0:  0
Min <=   0.0:  0
Min <= -18.0:  0
Max Rain: 15.60 ON 08/05/17
Days of Rain: 5 (> .2 mm) 4 (> 2 mm) 0 (> 20 mm)
Heat Base:  18.3  Cool Base:  18.3  Method: Integration