Dati Stazione Meteo - Stile NOAA


Report for 2024 Giugno
                   MONTHLY CLIMATOLOGICAL SUMMARY for JUN. 2024

NAME: Davis Vantage Vue   CITY: Acquaviva delle Fonti   STATE: Italia 
ELEV:   310 m  LAT:  40° 53' 26" N  LONG:  16° 50' 43" E

                   TEMPERATURE (°C), RAIN  (mm), WIND SPEED (km/hr)

                                      HEAT  COOL        AVG
    MEAN                              DEG   DEG         WIND                 DOM
DAY TEMP  HIGH   TIME   LOW    TIME   DAYS  DAYS  RAIN  SPEED HIGH   TIME    DIR
------------------------------------------------------------------------------------
 1  20.6  23.7   15:27  18.7    5:34   0.0   2.3   1.4   4.8  27.4   11:06     S
 2  22.6  28.1   11:54  17.6    5:06   0.0   4.4   2.8   5.5  33.8   16:24     S
 3  21.6  27.9   14:41  17.4    0:44   0.1   3.4   0.8   3.5  29.0   15:11    NE
 4  21.4  26.0   15:28  17.7   23:32   0.0   3.1   0.0   3.9  33.8   13:23    NE
 5  22.6  27.6   12:08  17.9    1:01   0.0   4.3   0.4   4.8  29.0   13:38    NE
 6  22.7  28.1   15:20  16.2    2:47   0.3   4.7   0.0   5.0  30.6   11:02    NE
 7  24.4  30.2   15:03  18.3    4:57   0.0   6.2   0.0   4.7  29.0   12:36    NE
 8  26.0  31.4   14:00  19.6    1:24   0.0   7.7   0.0   4.0  25.7   12:05    NE
 9  28.4  36.3   13:10  22.2    3:25   0.0  10.1   0.0   6.4  35.4   18:08   SSW
10  27.6  32.7   16:19  21.4   23:23   0.0   9.3   0.0   7.4  30.6   10:05   SSW
11  25.4  31.1   15:09  20.7    2:31   0.0   7.1   0.0   4.2  27.4   16:29    NE
12  25.0  32.0   11:40  19.4    5:29   0.0   6.7   0.0   4.7  32.2   13:14    NE
13  23.7  31.0   10:57  18.0   00:00   0.0   5.3   5.8   3.5  33.8   14:06    NE
14  20.7  26.3   14:50  15.1    5:27   0.6   3.0   0.0   5.1  30.6   16:11    NE
15  23.0  28.9   13:15  15.6    5:36   0.4   5.1   0.0   3.5  30.6   16:54    NE
16  25.9  33.2   14:26  18.9    0:43   0.0   7.7   0.0   5.3  30.6   16:36   SSW
17  25.5  29.4   12:14  19.8   23:59   0.0   7.2   0.0   4.8  27.4   12:45    NE
18  25.9  31.9   15:39  18.6    4:51   0.0   7.7   0.0   3.9  29.0   14:50    NE
19  28.9  36.4   13:21  19.1    5:50   0.0   8.4   0.0   3.1  22.5   15:27    NE
20
21
22
23
24
25
26
27
28
29
30
-------------------------------------------------------------------------------------
    24.3  36.4    19    15.1    14     1.5 113.5  11.2   4.6  35.4     9      NE

Max >=  32.0:  5
Max <=   0.0:  0
Min <=   0.0:  0
Min <= -18.0:  0
Max Rain: 5.79 ON 13/06/24
Days of Rain: 5 (> .2 mm) 2 (> 2 mm) 0 (> 20 mm)
Heat Base:  18.3  Cool Base:  18.3  Method: Integration