Dati Stazione Meteo - Stile NOAA


Report for 2022 Settembre
                   MONTHLY CLIMATOLOGICAL SUMMARY for SEP. 2022

NAME: Davis Vantage Vue   CITY: Acquaviva delle Fonti   STATE: Italia 
ELEV:   310 m  LAT:  40° 53' 26" N  LONG:  16° 50' 43" E

                   TEMPERATURE (°C), RAIN  (mm), WIND SPEED (km/hr)

                                      HEAT  COOL        AVG
    MEAN                              DEG   DEG         WIND                 DOM
DAY TEMP  HIGH   TIME   LOW    TIME   DAYS  DAYS  RAIN  SPEED HIGH   TIME    DIR
------------------------------------------------------------------------------------
 1  22.6  25.9   16:34  18.9   23:52   0.0   4.2   1.2   1.4  16.1   21:56   WSW
 2  21.3  25.3   13:04  18.2    3:55   0.0   3.0   0.0   4.7  27.4   16:42    NE
 3  23.3  29.9   16:21  15.9    6:28   0.2   5.2   0.0   2.6  22.5   12:16    NE
 4  23.3  28.2   13:52  20.9    6:21   0.0   5.0   0.6   3.1  17.7    1:58    NE
 5  22.9  27.7   14:10  19.3   00:00   0.0   4.6   0.0   5.6  30.6   10:03    NE
 6  23.7  30.2   13:08  17.9    6:11   0.0   5.4   0.0   2.9  20.9   14:18    NE
 7  25.6  33.1   15:22  18.4    3:36   0.0   7.3   0.0   5.0  24.1   17:56   SSW
 8  25.7  32.1   14:09  21.0    3:37   0.0   7.4   0.0   7.9  32.2   18:46   SSW
 9  27.7  33.9   14:50  22.9    5:54   0.0   9.3   0.0   6.0  22.5    1:11   SSW
10  26.1  30.5   13:12  21.8   00:00   0.0   7.8   0.0   4.5  27.4   15:41   WSW
11  23.4  29.4   12:36  19.1    1:41   0.0   5.1   0.0   5.0  30.6   17:52    NE
12  21.6  26.4   14:43  18.2    3:43   0.0   3.3   0.0   5.6  35.4   11:49    NE
13  21.4  26.5   14:48  16.1   23:30   0.2   3.3   0.0   4.2  29.0   15:02    NE
14  24.2  32.1   12:49  16.6    0:44   0.2   6.1   0.0   5.1  24.1   14:30   SSW
15  26.2  34.1   13:28  21.3    6:01   0.0   7.9   0.0   7.4  32.2   21:14   SSW
16  24.6  29.4   16:23  20.2    6:22   0.0   6.3   0.6   4.7  25.7   16:26   SSW
17  22.3  28.8   15:38  16.3   23:54   0.2   4.2   4.6   8.4  40.2   16:18   SSW
18  16.9  21.3   15:08  11.1   23:36   2.1   0.7   0.0   6.6  33.8   11:42    NE
19  18.6  27.2   15:18  11.2    1:04   2.1   2.4   0.0   4.2  29.0   16:08   SSW
20  18.8  22.3   13:29  15.9    3:42   0.7   1.1   0.0   4.3  29.0   16:10    NE
21  17.1  20.7   13:00  13.6   23:50   1.7   0.5   0.2   6.0  38.6   12:40    NE
22  15.3  19.4   14:55  11.1    6:05   3.1   0.1   0.0   5.1  32.2   16:14    NE
23  15.4  19.9   13:16  11.6    1:55   3.2   0.2   0.0   4.5  38.6   12:58    NE
24  16.7  24.1   15:25   9.4    5:01   3.0   1.4   0.0   4.8  24.1   16:43   SSW
25  19.8  26.1   13:27  12.9    6:19   1.3   2.9   0.0   7.1  30.6   12:56   SSW
26  18.4  20.9    4:19  16.6    7:39   0.3   0.5  17.8   3.5  25.7    6:39   SSW
27  17.4  18.2    5:17  17.0    0:49   0.2   0.0   0.0   4.5  17.7    0:31   WSW
28
29
30
-------------------------------------------------------------------------------------
    21.5  34.1    15     9.4    24    18.5 105.4  25.0   5.0  40.2    17      NE

Max >=  32.0:  5
Max <=   0.0:  0
Min <=   0.0:  0
Min <= -18.0:  0
Max Rain: 17.81 ON 26/09/22
Days of Rain: 6 (> .2 mm) 2 (> 2 mm) 0 (> 20 mm)
Heat Base:  18.3  Cool Base:  18.3  Method: Integration