Dati Stazione Meteo - Stile NOAA


Report for 2024 Luglio
                   MONTHLY CLIMATOLOGICAL SUMMARY for JUL. 2024

NAME: Davis Vantage Vue   CITY: Acquaviva delle Fonti   STATE: Italia 
ELEV:   310 m  LAT:  40° 53' 26" N  LONG:  16° 50' 43" E

                   TEMPERATURE (°C), RAIN  (mm), WIND SPEED (km/hr)

                                      HEAT  COOL        AVG
    MEAN                              DEG   DEG         WIND                 DOM
DAY TEMP  HIGH   TIME   LOW    TIME   DAYS  DAYS  RAIN  SPEED HIGH   TIME    DIR
------------------------------------------------------------------------------------
 1  30.0  35.0   11:43  25.1    5:02   0.0  11.7   0.0   4.3  29.0   14:06    NE
 2  24.5  28.7   12:18  19.5   23:48   0.0   6.2   5.8   4.0  33.8    9:03    NE
 3  22.8  27.2   14:37  19.2    6:09   0.0   4.5   0.0   4.8  35.4   13:46    NE
 4  22.7  27.3   14:34  18.2    2:17   0.0   4.4   0.0   4.7  40.2   13:22    NE
 5  24.0  29.2   13:03  18.5    4:59   0.0   5.7   0.0   3.7  27.4   16:34    NE
 6  26.7  32.9   15:02  18.6    5:44   0.0   8.3   0.0   4.7  29.0   18:36     S
 7  28.3  36.1   15:20  20.3    5:24   0.0   9.9   0.0   4.5  30.6   16:36   SSW
 8  28.3  33.3   13:14  23.2    5:52   0.0   9.8   0.0   4.8  32.2   14:40    NE
 9  27.9  33.5   13:37  23.1    2:26   0.0   9.4   0.0   5.3  32.2   14:56    NE
10  28.3  33.1   13:09  23.3    5:06   0.0  10.0   0.0   5.3  29.0   12:32    NE
11  29.8  34.8   13:27  22.7    5:39   0.0  11.5   0.0   3.7  27.4   13:33    NE
12  30.8  36.2   13:45  24.4    2:58   0.0  12.5   0.0   3.7  27.4   14:19    NE
13  32.2  39.8   15:30  24.4    5:30   0.0  13.9   0.0   3.5  24.1   17:40   SSW
14  30.6  36.5   13:03  25.3    4:57   0.0  12.3   0.0   4.2  32.2   13:51    NE
15  30.6  35.9   13:31  22.9    4:27   0.0  12.3   0.0   4.8  30.6   13:04    NE
16  30.5  36.3   13:46  23.4    4:37   0.0  12.2   0.0   4.0  30.6   15:07    NE
17  31.3  36.4   13:41  25.3    3:55   0.0  13.0   0.0   5.1  32.2   12:34    NE
18  31.1  36.2   13:43  25.5    6:37   0.0  12.8   0.0   5.3  32.2   15:09    NE
19  30.3  34.5   13:58  25.9    5:27   0.0  12.0   0.0   5.5  32.2   12:20    NE
20  29.7  37.7   12:09  23.6    4:15   0.0  11.4   2.8   3.1  30.6   14:09    NE
21  28.4  33.8   11:47  24.4    3:36   0.0  10.2   0.0   3.4  30.6   13:15    NE
22  26.9  35.3   11:19  21.1   20:05   0.0   8.7   5.6   4.3  35.4   21:12    NE
23  27.1  31.8   15:28  22.6    4:43   0.0   8.8   0.0   6.1  27.4   12:50    NE
24  25.1  25.3    0:27  25.0    0:01   0.0   0.3   0.0   1.8   8.0    0:32    NW
25
26
27
28
29
30
31
-------------------------------------------------------------------------------------
    28.3  39.8    13    18.2     4     0.0 231.6  14.2   4.4  40.2     4      NE

Max >=  32.0: 18
Max <=   0.0:  0
Min <=   0.0:  0
Min <= -18.0:  0
Max Rain: 5.79 ON 02/07/24
Days of Rain: 3 (> .2 mm) 3 (> 2 mm) 0 (> 20 mm)
Heat Base:  18.3  Cool Base:  18.3  Method: Integration