Dati Stazione Meteo - Stile NOAA


Report for 2024 Aprile
                   MONTHLY CLIMATOLOGICAL SUMMARY for APR. 2024

NAME: Davis Vantage Vue   CITY: Acquaviva delle Fonti   STATE: Italia 
ELEV:   310 m  LAT:  40° 53' 26" N  LONG:  16° 50' 43" E

                   TEMPERATURE (°C), RAIN  (mm), WIND SPEED (km/hr)

                                      HEAT  COOL        AVG
    MEAN                              DEG   DEG         WIND                 DOM
DAY TEMP  HIGH   TIME   LOW    TIME   DAYS  DAYS  RAIN  SPEED HIGH   TIME    DIR
------------------------------------------------------------------------------------
 1  15.8  19.2   16:55  13.9   23:45   2.6   0.1   0.0  13.5  46.7   12:27     S
 2  15.4  21.6   15:06  10.5    6:55   3.3   0.5   0.0   5.3  33.8    2:38   WSW
 3  14.2  20.6   12:32   7.2    5:25   4.4   0.3   0.0   2.6  20.9   13:09   WSW
 4  15.4  21.2   14:42  10.9    1:12   3.3   0.4   0.0   3.9  24.1   16:13    NE
 5  15.9  22.0   14:10  10.8    2:18   3.2   0.8   0.0   2.7  20.9   14:28    NE
 6  17.2  23.1   14:43  11.2    6:54   2.3   1.2   0.0   2.7  20.9   12:04    NE
 7  18.0  24.2   14:01  12.3    0:47   2.0   1.7   0.0   4.3  29.0   14:06    NE
 8  18.6  27.3   13:38  11.0    6:49   2.3   2.5   0.0   3.9  22.5   17:33   SSW
 9  19.2  26.8   13:49  14.3    1:22   1.5   2.4   0.0   7.7  29.0   15:53   SSW
10  18.2  23.9   12:54  12.4    6:28   1.7   1.6   0.0   3.1  29.0   14:56    NE
11  16.8  21.6   15:08  12.7    5:59   2.1   0.5   0.0   3.9  30.6   14:57    NE
12  18.0  23.8   14:03  12.6   23:32   1.8   1.5   0.0   4.2  27.4   11:05    NE
13  19.2  25.5   15:09  12.7    0:54   1.5   2.4   0.0   3.9  29.0   12:43    NE
14  20.6  27.0   14:02  12.7    0:10   1.0   3.3   0.0   3.5  30.6   14:24    NE
15  21.9  29.7   14:09  16.1    5:29   0.2   3.9   0.0   6.3  25.7   11:42   SSW
16  18.7  25.2   12:22  14.1   21:44   1.2   1.6   2.2   8.9  46.7   15:20   SSW
17  13.7  18.7   13:15   8.8   21:41   4.7   0.0   2.4   4.8  27.4   13:46    NE
18  11.1  17.1   11:34   8.4    1:16   7.3   0.0   0.4   3.2  27.4   13:12    NE
19   9.3  12.3   18:30   7.1    2:41   9.0   0.0   3.2   4.2  33.8   15:23    NE
20  11.3  18.9   12:42   5.8    6:03   7.0   0.0   4.0   2.3  22.5   14:07    NE
21  10.0  13.4   15:43   7.1    6:43   5.5   0.0   0.0   5.5  35.4   11:02   WSW
22
23
24
25
26
27
28
29
30
-------------------------------------------------------------------------------------
    16.1  29.7    15     5.8    20    67.8  24.7  12.2   4.8  46.7     1      NE

Max >=  32.0:  0
Max <=   0.0:  0
Min <=   0.0:  0
Min <= -18.0:  0
Max Rain: 3.99 ON 20/04/24
Days of Rain: 5 (> .2 mm) 4 (> 2 mm) 0 (> 20 mm)
Heat Base:  18.3  Cool Base:  18.3  Method: Integration