Dati Stazione Meteo - Stile NOAA


Report for 2022
                            ANNUAL CLIMATOLOGICAL SUMMARY

NAME: Davis Vantage Vue  CITY: Acquaviva delle Fonti   STATE: Italia  
ELEV:   310 m  LAT:  40° 53' 26" N  LONG:  16° 50' 43" E

               TEMPERATURE (°C), HEAT BASE 18.3, COOL BASE 18.3
                          DEP.  HEAT  COOL                                          
        MEAN  MEAN        FROM  DEG   DEG                        MAX  MAX  MIN  MIN 
 YR MO  MAX   MIN   MEAN  NORM  DAYS  DAYS  HI  DATE  LOW  DATE  >=32 <=0  <=0  <=-18 
------------------------------------------------------------------------------------
 22  1  11.7   4.2   7.7   1.1   329     0  20.9   2  -1.6   25    0    0    1    0
 22  2  14.2   5.7   9.4   2.2   248     0  20.6  19   1.9   27    0    0    0    0
 22  3  12.8   4.0   8.1  -0.8   315     1  21.8  26  -2.3   13    0    0    3    0
 22  4  18.7   8.2  13.2   1.5   162    10  25.5  24   3.1    3    0    0    0    0
 22  5  26.6  14.0  20.3   4.4    42   104  32.7  31   7.6    4    2    0    0    0
 22  6  31.8  20.6  26.4   6.3     1   243  39.1  28  15.6   10   16    0    0    0
 22  7  32.5  20.8  26.8   4.2     1   263  38.5   5  16.4    8   18    0    0    0
 22  8  30.4  20.5  25.3   2.7     1   109  34.3   5  15.7   14    4    0    0    0
 22  9
 22 10
 22 11
 22 12
------------------------------------------------------------------------------------
        21.9  11.8  16.7   2.7  1099   730  39.1 JUN  -2.3  MAR   40    0    4    0

                                PRECIPITATION (mm)

               DEP.   MAX        DAYS OF RAIN 
               FROM   OBS.          OVER
 YR MO  TOTAL  NORM   DAY  DATE  .2   2   20
---------------------------------------------
 22  1  50.0  -12.0  30.0   10   14    5    1
 22  2  79.3   15.3  21.6   16    9    9    1
 22  3  58.6   -4.4  22.2    5   11    5    1
 22  4  12.2  -30.8   6.2   17    8    1    0
 22  5  24.0  -19.0  19.8    8    9    1    0
 22  6  39.4    4.4  26.0   10    3    2    1
 22  7  68.0   42.0  35.0    8    6    4    2
 22  8  24.6  -10.4  16.8   12    2    2    0
 22  9
 22 10
 22 11
 22 12
---------------------------------------------
       356.2 -14.8  35.0  JUL   62   29    6

                                WIND SPEED (km/hr)
                          DOM
 YR MO   AVG.  HI   DATE  DIR
---------------------------------
 22  1   4.8  48.3   29    NE
 22  2   5.8  51.5    1    NE
 22  3   4.7  51.5   31    NE
 22  4   6.1  61.2   22    NE
 22  5   4.3  45.1   19   ENE
 22  6   4.9  43.5   12    NE
 22  7   4.7  43.5    8    NE
 22  8   4.5  38.6   14    NE
 22  9
 22 10
 22 11
 22 12
---------------------------------
         5.0  61.2  APR   NE